{"text_format":"1","workbook":"xlsx","n_sheets":5,"sheets":["Information","Quote","Rate Sheet- $0Down","Rate Sheet- 1 Down","Rate Sheet- 2 Down"],"not_rendered":{"charts":0,"images":3,"macros":1,"external_links":0,"defined_names":46,"comments":1,"pivot_tables":0},"unopened":[],"bounds":{"document_bytes":16777216,"sheet_cells":100000,"rows_first":2000,"rows_last":500,"rows_between":2000,"halvings":0,"cell_chars":16384,"cell_head_chars":4096},"cells_cut":0,"cells_raw":0,"read":"whole","date_system":"1900"}

{"sheet":"Information","index":0,"n_rows":21,"n_cols":10,"rows_kept":21,"cut":false,"hidden":false,"merged":[[14,1,14,4]]}
[null,null,null,null,null,null,null,"2019-12-30"]
[null,null,null,null,null,null,null,{"$f":"TODAY()-H1","v":-95},1,"January"]
[null,null,null,null,null,null,null,{"$f":"CONCATENATE(LOOKUP(MONTH(H1),I2:J16),\" \",DAY(H1),\", \",YEAR(H1))","v":"December 30, 2019"}]
[null,"Lessee Name:","Customer Name",null,null,null,null,null,2,"February"]
[null,"Sales Rep:","Sales Rep",null,null,null,null,null,3,"March"]
[null,"Phone:","Phone",null,null,null,null,null,4,"April"]
[null,"Equipment:","Brief Equipment Description",null,null,null,null,null,5,"May"]
[null,"Pre-Funding:","No"]
[null,"Rate Sheet :","C1"]
[null,"Down Payment:","$0 Down"]
[null,"Equipment Cost:",95000,null,null,null,null,null,6,"June"]
[null,"Points: ",0,{"$f":"(C12/100)+1","v":1},null,null,null,null,7,"July"]
["7)","Document Type:","$1 Buy-Out",null,null,{"$f":"((C12)/100)+1","v":1},null,null,9,"September"]
[null,"Down Payment:",null,"NOT FUNCTIONING YET",null,null,null,null,10,"October"]
[null,{"$f":"IF(H2>0,\"The Lease Rates associated with this quoter have expired. Please contact your Marlin Account Executive at 888-479-9111 for an updated file.\",\" \")","v":" "},null,null,null,null,null,null,11,"November"]
[null,"Down Payment:",{"$f":"C11*(C12/100)","v":0},null,null,null,null,null,12,"December"]
[]
[null,"Equipment Finance Agreement"]
[null,"$1 Buy-Out"]
[null,"Rental"]
[null,"Installment Payment Agreement"]

{"sheet":"Quote","index":1,"n_rows":29,"n_cols":10,"rows_kept":29,"cut":false,"hidden":false,"merged":[[28,1,32,5],[13,2,13,3],[18,2,18,3],[21,1,21,5],[25,2,25,4],[19,1,20,5]]}
[null,null,null,null,null,null,null,null,null,{"$f":"Information!H2","v":-95}]
[]
[]
[]
[]
[null,null,null,{"$f":"IF(J1>0,\"The Lease Rates associated with this quoter have expired. Please contact your Marlin Account Executive at 888-479-9111 for an updated file. The payments listed may be used as an estimate ONLY.  Thank you.\",\"\")","v":""}]
[]
[]
[]
[null,{"$f":"TODAY()","v":"2019-09-26"}]
[]
[null,"This quote has "]
[null," been prepared for:",{"$f":"Information!C4","v":"Customer Name"}]
[null,"Valid through:",{"$f":"Date+60","v":"2019-11-25"}]
[]
[null,{"$f":"Information!B5","v":"Sales Rep:"},{"$f":"IF(ISBLANK(Information!C6),Information!C5,CONCATENATE(Information!C5,\", Phone: \",Information!C6))","v":"Sales Rep, Phone: Phone"}]
[]
[null,"Equipment:",{"$f":"Information!C7","v":"Brief Equipment Description"}]
[null,"Equipment Cost:",{"$f":"Information!C11","v":95000}]
[null,{"$f":"IF(OR(F24=50, E24=50, D24=50, C24=50), \"Marlin's minimum monthly payment is $50.00. Please speak to your Marlin rep to secure more product for your money!\", \" \")","v":" "}]
[]
[null,{"$f":"Information!C13","v":"$1 Buy-Out"}]
[null,null,{"$f":"IF(LEFT(Information!C10,2)=\"30\",\"25 Months\",IF(LEFT(Information!C10,2)=\"60\",\"26 Months\",IF(LEFT(Information!C10,2)=\"90\",\"27 Months\",\"24 Months\")))","v":"24 Months"},{"$f":"IF(LEFT(Information!C10,2)=\"30\",\"37 Months\",IF(LEFT(Information!C10,2)=\"60\",\"38 Months\",IF(LEFT(Information!C10,2)=\"90\",\"39 Months\",\"36 Months\")))","v":"36 Months"},{"$f":"IF(LEFT(Information!C10,2)=\"30\",\"49 Months\",IF(LEFT(Information!C10,2)=\"60\",\"50 Months\",IF(LEFT(Information!C10,2)=\"90\",\"51 Months\",\"48 Months\")))","v":"48 Months"},{"$f":"IF(LEFT(Information!C10,2)=\"30\",\"61 Months\",IF(LEFT(Information!C10,2)=\"60\",\"62 Months\",IF(LEFT(Information!C10,2)=\"90\",\"63 Months\",\"60 Months\")))","v":"60 Months"}]
[null,"Monthly Payment",{"$f":"MAX(50,IF(Information!$C$10='Rate Sheet- $0Down'!$A$74,'Rate Sheet- $0Down'!$H$6*'Rate Sheet- $0Down'!$F$5,IF(Information!$C$10='Rate Sheet- 1 Down'!$A$72,'Rate Sheet- $0Down'!$F$5*'Rate Sheet- 1 Down'!$H$6,IF(Information!$C$10='Rate Sheet- $0Down'!$A$73,'Rate Sheet- $0Down'!$F$5*'Rate Sheet- 2 Down'!$H$6,IF(Information!$C$10='Rate Sheet- 2 Down'!$A$75,'Rate Sheet- $0Down'!$F$6*'Rate Sheet- $0Down'!$H$6,IF(Information!$C$10='Rate Sheet- $0Down'!$A$76,'Rate Sheet- $0Down'!$F$7*'Rate Sheet- $0Down'!$H$6,'Rate Sheet- $0Down'!$F$8*'Rate Sheet- $0Down'!$H$6))))))","v":4487.8},{"$f":"MAX(50,IF(Information!$C$10='Rate Sheet- $0Down'!$A$74,'Rate Sheet- $0Down'!$I$6*'Rate Sheet- $0Down'!$F$5,IF(Information!$C$10='Rate Sheet- 1 Down'!$A$72,'Rate Sheet- $0Down'!$F$5*'Rate Sheet- 1 Down'!$I$6,IF(Information!$C$10='Rate Sheet- $0Down'!$A$73,'Rate Sheet- $0Down'!$F$5*'Rate Sheet- 2 Down'!$I$6,IF(Information!$C$10='Rate Sheet- 2 Down'!$A$75,'Rate Sheet- $0Down'!$F$6*'Rate Sheet- $0Down'!$I$6,IF(Information!$C$10='Rate Sheet- $0Down'!$A$76,'Rate Sheet- $0Down'!$F$7*'Rate Sheet- $0Down'!$I$6,'Rate Sheet- $0Down'!$F$8*'Rate Sheet- $0Down'!$I$6))))))","v":3072.3},{"$f":"MAX(50,IF(Information!$C$10='Rate Sheet- $0Down'!$A$74,'Rate Sheet- $0Down'!$J$6*'Rate Sheet- $0Down'!$F$5,IF(Information!$C$10='Rate Sheet- 1 Down'!$A$72,'Rate Sheet- $0Down'!$F$5*'Rate Sheet- 1 Down'!$J$6,IF(Information!$C$10='Rate Sheet- $0Down'!$A$73,'Rate Sheet- $0Down'!$F$5*'Rate Sheet- 2 Down'!$J$6,IF(Information!$C$10='Rate Sheet- 2 Down'!$A$75,'Rate Sheet- $0Down'!$F$6*'Rate Sheet- $0Down'!$J$6,IF(Information!$C$10='Rate Sheet- $0Down'!$A$76,'Rate Sheet- $0Down'!$F$7*'Rate Sheet- $0Down'!$J$6,'Rate Sheet- $0Down'!$F$8*'Rate Sheet- $0Down'!$J$6))))))","v":2379.75},{"$f":"MAX(50,IF(Information!$C$10='Rate Sheet- $0Down'!$A$74,'Rate Sheet- $0Down'!$K$6*'Rate Sheet- $0Down'!$F$5,IF(Information!$C$10='Rate Sheet- 1 Down'!$A$72,'Rate Sheet- $0Down'!$F$5*'Rate Sheet- 1 Down'!$K$6,IF(Information!$C$10='Rate Sheet- $0Down'!$A$73,'Rate Sheet- $0Down'!$F$5*'Rate Sheet- 2 Down'!$K$6,IF(Information!$C$10='Rate Sheet- 2 Down'!$A$75,'Rate Sheet- $0Down'!$F$6*'Rate Sheet- $0Down'!$K$6,IF(Information!$C$10='Rate Sheet- $0Down'!$A$76,'Rate Sheet- $0Down'!$F$7*'Rate Sheet- $0Down'!$K$6,'Rate Sheet- $0Down'!$F$8*'Rate Sheet- $0Down'!$K$6))))))","v":1915.2}]
[null,{"$f":"IF(OR(Information!C10=\"2 Down\", Information!C10=\"$0 Down\"), \"Security Deposit\", \"Deferred Payment\")","v":"Security Deposit"},{"$f":"Information!$C$10","v":"$0 Down"},{"$f":"Information!$C$10","v":"$0 Down"},{"$f":"Information!$C$10","v":"$0 Down"},{"$f":"Information!$C$10","v":"$0 Down"}]
[null,"End of Lease Options:  ","Purchase the equipment for $1.00."]
[]
[]
[null,{"$f":"CONCATENATE('Rate Sheet- $0Down'!A116,FIXED('Rate Sheet- $0Down'!C114),\" required. For quotes over $150,000 -  Please contact your Marlin service rep for special rates. Rates effective through \", Information!H3, \". Please note, payments shown are subject to state and local taxes. Consult your tax advisor for more information. Subject to Marlin's credit approval and reciept of required documentation.\")","v":"Estimated payments shown are for companies in business 2 years or more.  Documentation fee up to $299.00 required. For quotes over $150,000 -  Please contact your Marlin service rep for special rates. Rates effective through December 30, 2019. Please note, payments shown are subject to state and local taxes. Consult your tax advisor for more information. Subject to Marlin's credit approval and reciept of required documentation."}]

{"sheet":"Rate Sheet- $0Down","index":2,"n_rows":2009,"n_cols":18,"rows_kept":2009,"cut":false,"hidden":true,"merged":[[113,0,113,1],[70,0,70,1]]}
[]
["Lease Plan Rate Factors"]
[2019,null,"RBP - RETAIL",null,null,"2019-12-31"]
[]
[null,null,null,null,"Financed:",{"$f":"(Information!C11+(Information!C11*(Information!C12/100)))","v":95000},null,24,36,48,60]
[null,null,null,null,30,{"$f":"F5*1.01","v":95950},null,{"$f":"IF(Information!$C$9='Rate Sheet- $0Down'!$A$85,VLOOKUP(Information!$C$11,'Rate Sheet- $0Down'!A10:E16,2),IF(Information!$C$9='Rate Sheet- $0Down'!$A$86,VLOOKUP(Information!$C$11,'Rate Sheet- $0Down'!H10:L16,2),IF(Information!$C$9='Rate Sheet- $0Down'!$A$87,VLOOKUP(Information!$C$11,'Rate Sheet- $0Down'!N10:R16,2),IF(Information!$C$9='Rate Sheet- $0Down'!$A$88,VLOOKUP(Information!$C$11,'Rate Sheet- $0Down'!A19:E25,2),IF(Information!$C$9='Rate Sheet- $0Down'!$A$89,VLOOKUP(Information!$C$11,'Rate Sheet- $0Down'!H19:L25,2),IF(Information!$C$9='Rate Sheet- $0Down'!$A$90,VLOOKUP(Information!$C$11,'Rate Sheet- $0Down'!N19:R25,2),IF(Information!$C$9='Rate Sheet- $0Down'!$A$91,VLOOKUP(Information!$C$11,'Rate Sheet- $0Down'!A28:E34,2),IF(Information!$C$9='Rate Sheet- $0Down'!$A$92,VLOOKUP(Information!$C$11,'Rate Sheet- $0Down'!H28:L34,2),IF(Information!$C$9='Rate Sheet- $0Down'!$A$93,VLOOKUP(Information!$C$11,'Rate Sheet- $0Down'!N28:R34,2),IF(Information!$C$9='Rate Sheet- $0Down'!$A$94,VLOOKUP(Information!$C$11,'Rate Sheet- $0Down'!A37:E43,2),IF(Information!$C$9='Rate Sheet- $0Down'!$A$95,VLOOKUP(Information!$C$11,'Rate Sheet- $0Down'!H37:L43,2),IF(Information!$C$9='Rate Sheet- $0Down'!$A$96,VLOOKUP(Information!$C$11,'Rate Sheet- $0Down'!A46:E52,2),\"error\"))))))))))))","v":4.7239999999999997E-2},{"$f":"IF(Information!$C$9='Rate Sheet- $0Down'!$A$85,VLOOKUP(Information!$C$11,'Rate Sheet- $0Down'!A10:E16,3),IF(Information!$C$9='Rate Sheet- $0Down'!$A$86,VLOOKUP(Information!$C$11,'Rate Sheet- $0Down'!H10:L16,3),IF(Information!$C$9='Rate Sheet- $0Down'!$A$87,VLOOKUP(Information!$C$11,'Rate Sheet- $0Down'!N10:R16,3),IF(Information!$C$9='Rate Sheet- $0Down'!$A$88,VLOOKUP(Information!$C$11,'Rate Sheet- $0Down'!A19:E25,3),IF(Information!$C$9='Rate Sheet- $0Down'!$A$89,VLOOKUP(Information!$C$11,'Rate Sheet- $0Down'!H19:L25,3),IF(Information!$C$9='Rate Sheet- $0Down'!$A$90,VLOOKUP(Information!$C$11,'Rate Sheet- $0Down'!N19:R25,3),IF(Information!$C$9='Rate Sheet- $0Down'!$A$91,VLOOKUP(Information!$C$11,'Rate Sheet- $0Down'!A28:E34,3),IF(Information!$C$9='Rate Sheet- $0Down'!$A$92,VLOOKUP(Information!$C$11,'Rate Sheet- $0Down'!H28:L34,3),IF(Information!$C$9='Rate Sheet- $0Down'!$A$93,VLOOKUP(Information!$C$11,'Rate Sheet- $0Down'!N28:R34,3),IF(Information!$C$9='Rate Sheet- $0Down'!$A$94,VLOOKUP(Information!$C$11,'Rate Sheet- $0Down'!A37:E43,3),IF(Information!$C$9='Rate Sheet- $0Down'!$A$95,VLOOKUP(Information!$C$11,'Rate Sheet- $0Down'!H37:L43,3),IF(Information!$C$9='Rate Sheet- $0Down'!$A$96,VLOOKUP(Information!$C$11,'Rate Sheet- $0Down'!A46:E52,3),\"error\"))))))))))))","v":3.2340000000000001E-2},{"$f":"IF(Information!$C$9='Rate Sheet- $0Down'!$A$85,VLOOKUP(Information!$C$11,'Rate Sheet- $0Down'!A10:E16,4),IF(Information!$C$9='Rate Sheet- $0Down'!$A$86,VLOOKUP(Information!$C$11,'Rate Sheet- $0Down'!H10:L16,4),IF(Information!$C$9='Rate Sheet- $0Down'!$A$87,VLOOKUP(Information!$C$11,'Rate Sheet- $0Down'!N10:R16,4),IF(Information!$C$9='Rate Sheet- $0Down'!$A$88,VLOOKUP(Information!$C$11,'Rate Sheet- $0Down'!A19:E25,4),IF(Information!$C$9='Rate Sheet- $0Down'!$A$89,VLOOKUP(Information!$C$11,'Rate Sheet- $0Down'!H19:L25,4),IF(Information!$C$9='Rate Sheet- $0Down'!$A$90,VLOOKUP(Information!$C$11,'Rate Sheet- $0Down'!N19:R25,4),IF(Information!$C$9='Rate Sheet- $0Down'!$A$91,VLOOKUP(Information!$C$11,'Rate Sheet- $0Down'!A28:E34,4),IF(Information!$C$9='Rate Sheet- $0Down'!$A$92,VLOOKUP(Information!$C$11,'Rate Sheet- $0Down'!H28:L34,4),IF(Information!$C$9='Rate Sheet- $0Down'!$A$93,VLOOKUP(Information!$C$11,'Rate Sheet- $0Down'!N28:R34,4),IF(Information!$C$9='Rate Sheet- $0Down'!$A$94,VLOOKUP(Information!$C$11,'Rate Sheet- $0Down'!A37:E43,4),IF(Information!$C$9='Rate Sheet- $0Down'!$A$95,VLOOKUP(Information!$C$11,'Rate Sheet- $0Down'!H37:L43,4),IF(Information!$C$9='Rate Sheet- $0Down'!$A$96,VLOOKUP(Information!$C$11,'Rate Sheet- $0Down'!A46:E52,4),\"error\"))))))))))))","v":2.5049999999999999E-2},{"$f":"IF(Information!$C$9='Rate Sheet- $0Down'!$A$85,VLOOKUP(Information!$C$11,'Rate Sheet- $0Down'!A10:E16,5),IF(Information!$C$9='Rate Sheet- $0Down'!$A$86,VLOOKUP(Information!$C$11,'Rate Sheet- $0Down'!H10:L16,5),IF(Information!$C$9='Rate Sheet- $0Down'!$A$87,VLOOKUP(Information!$C$11,'Rate Sheet- $0Down'!N10:R16,5),IF(Information!$C$9='Rate Sheet- $0Down'!$A$88,VLOOKUP(Information!$C$11,'Rate Sheet- $0Down'!A19:E25,5),IF(Information!$C$9='Rate Sheet- $0Down'!$A$89,VLOOKUP(Information!$C$11,'Rate Sheet- $0Down'!H19:L25,5),IF(Information!$C$9='Rate Sheet- $0Down'!$A$90,VLOOKUP(Information!$C$11,'Rate Sheet- $0Down'!N19:R25,5),IF(Information!$C$9='Rate Sheet- $0Down'!$A$91,VLOOKUP(Information!$C$11,'Rate Sheet- $0Down'!A28:E34,5),IF(Information!$C$9='Rate Sheet- $0Down'!$A$92,VLOOKUP(Information!$C$11,'Rate Sheet- $0Down'!H28:L34,5),IF(Information!$C$9='Rate Sheet- $0Down'!$A$93,VLOOKUP(Information!$C$11,'Rate Sheet- $0Down'!N28:R34,5),IF(Information!$C$9='Rate Sheet- $0Down'!$A$94,VLOOKUP(Information!$C$11,'Rate Sheet- $0Down'!A37:E43,5),IF(Information!$C$9='Rate Sheet- $0Down'!$A$95,VLOOKUP(Information!$C$11,'Rate Sheet- $0Down'!H37:L43,5),IF(Information!$C$9='Rate Sheet- $0Down'!$A$96,VLOOKUP(Information!$C$11,'Rate Sheet- $0Down'!A46:E52,5),\"error\"))))))))))))","v":2.0160000000000001E-2}]
[null,null,null,null,60,{"$f":"F5*1.02","v":96900}]
[null,null,null,null,90,{"$f":"F5*1.03","v":97850}]
["A1",null,null,null,null,null,null,"A2",null,null,null,null,null,"A2"]
[null,24,36,48,60,null,null,null,24,36,48,60,null,null,24,36,48,60]
[1000,4.9333394694852199E-2,3.4374575431876997E-2,2.71536379450165E-2,2.19261863718371E-2,null,null,1000,4.9509999999999998E-2,3.4619999999999998E-2,2.733E-2,2.1989999999999999E-2,null,1000,5.0169999999999999E-2,3.5029999999999999E-2,2.7550000000000002E-2,2.214E-2]
[10000,4.9015832745693599E-2,3.3031761008601897E-2,2.5781065298264599E-2,2.05111361137101E-2,null,null,10000,4.9320000000000003E-2,3.3360000000000001E-2,2.6259999999999999E-2,2.0760000000000001E-2,null,10000,4.9439999999999998E-2,3.3910000000000003E-2,2.6630000000000001E-2,2.0979999999999999E-2]
[30000,4.7349516487208101E-2,3.2276581245264398E-2,2.4730120596288398E-2,1.99106301727346E-2,null,null,30000,4.7660000000000001E-2,3.261E-2,2.5069999999999999E-2,2.009E-2,null,30000,4.7849999999999997E-2,3.2739999999999998E-2,2.5389999999999999E-2,2.044E-2]
[50000,4.5272913424892799E-2,3.1221163647015601E-2,2.4178901937935E-2,1.9402626431288299E-2,null,null,50000,4.5659999999999999E-2,3.15E-2,2.4410000000000001E-2,1.9539999999999998E-2,null,50000,4.58E-2,3.1739999999999997E-2,2.4649999999999998E-2,1.975E-2]
[100000,4.5227291457845098E-2,3.1175154680636901E-2,2.4155574828803001E-2,1.9379334396249601E-2,null,null,100000,4.5589999999999999E-2,3.1469999999999998E-2,2.4369999999999999E-2,1.9519999999999999E-2,null,100000,4.5780000000000001E-2,3.1739999999999997E-2,2.462E-2,1.9730000000000001E-2]
["Over $150k","Please call","Please call","Please call","Please call",null,null,"Over $150k","Please call","Please call","Please call","Please call",null,"Over $150k","Please call","Please call","Please call","Please call"]
[]
["B1",null,null,null,null,null,null,"B2",null,null,null,null,null,"B3"]
[null,24,36,48,60,null,null,null,24,36,48,60,null,null,24,36,48,60]
[1000,5.0290000000000001E-2,3.5060000000000001E-2,2.7699999999999999E-2,2.2200000000000001E-2,null,null,1000,5.058E-2,3.6060000000000002E-2,2.8340000000000001E-2,2.273E-2,null,1000,5.1139999999999998E-2,3.628E-2,2.8729999999999999E-2,2.2800000000000001E-2]
[10000,4.9630000000000001E-2,3.4029999999999998E-2,2.6749999999999999E-2,2.1080000000000002E-2,null,null,10000,5.0169999999999999E-2,3.4790000000000001E-2,2.7449999999999999E-2,2.1448999999999999E-2,null,10000,5.0560000000000001E-2,3.5360000000000003E-2,2.793E-2,2.1569999999999999E-2]
[30000,4.7870000000000003E-2,3.2759999999999997E-2,2.5479999999999999E-2,2.0469999999999999E-2,null,null,30000,4.8129999999999999E-2,3.329E-2,2.6089999999999999E-2,2.1149999999999999E-2,null,30000,4.8759999999999998E-2,3.3840000000000002E-2,2.6159999999999999E-2,2.1219999999999999E-2]
[50000,4.582E-2,3.1780000000000003E-2,2.4670000000000001E-2,1.9779999999999999E-2,null,null,50000,4.684E-2,3.2030000000000003E-2,2.496E-2,1.9900000000000001E-2,null,50000,4.6960000000000002E-2,3.2059999999999998E-2,2.503E-2,1.992E-2]
[100000,4.58E-2,3.175E-2,2.4649999999999998E-2,1.975E-2,null,null,100000,4.6260000000000003E-2,3.2009999999999997E-2,2.4930000000000001E-2,1.9869999999999999E-2,null,100000,4.6519999999999999E-2,3.2030000000000003E-2,2.5000000000000001E-2,1.9900000000000001E-2]
["Over $150k","Please call","Please call","Please call","Please call",null,null,"Over $150k","Please call","Please call","Please call","Please call",null,"Over $150k","Please call","Please call","Please call","Please call"]
[]
["C1",null,null,null,null,null,null,"C2",null,null,null,null,null,"C3"]
[null,24,36,48,60,null,null,null,24,36,48,60,null,null,24,36,48,60]
[1000,5.2569999999999999E-2,3.78E-2,2.9479999999999999E-2,2.3337E-2,null,null,1000,5.2949999999999997E-2,3.832E-2,2.998E-2,2.3900000000000001E-2,null,1000,5.3870000000000001E-2,3.8989999999999997E-2,3.0249999999999999E-2,2.512E-2]
[10000,5.0650000000000001E-2,3.5779999999999999E-2,2.8209999999999999E-2,2.162E-2,null,null,10000,5.1610000000000003E-2,3.628E-2,2.8729999999999999E-2,2.2169999999999999E-2,null,10000,5.1880000000000003E-2,3.678E-2,2.886E-2,2.273E-2]
[30000,4.9200000000000001E-2,3.4279999999999998E-2,2.6929999999999999E-2,2.1590000000000002E-2,null,null,30000,5.0040000000000001E-2,3.4909999999999997E-2,2.7459999999999998E-2,2.2120000000000001E-2,null,30000,5.0169999999999999E-2,3.4979999999999997E-2,2.7699999999999999E-2,2.2630000000000001E-2]
[50000,4.7239999999999997E-2,3.2340000000000001E-2,2.5049999999999999E-2,2.0160000000000001E-2,null,null,50000,4.8489999999999998E-2,3.3669999999999999E-2,2.6210000000000001E-2,2.162E-2,null,50000,4.8559999999999999E-2,3.3939999999999998E-2,2.6270000000000002E-2,2.172E-2]
[100000,4.684E-2,3.2309999999999998E-2,2.503E-2,2.009E-2,null,null,100000,4.6920000000000003E-2,3.2770000000000001E-2,2.5610000000000001E-2,2.0809999999999999E-2,null,100000,4.7140000000000001E-2,3.286E-2,2.572E-2,2.1000000000000001E-2]
["Over $150k","Please call","Please call","Please call","Please call",null,null,"Over $150k","Please call","Please call","Please call","Please call",null,"Over $150k","Please call","Please call","Please call","Please call"]
[]
["D1",null,null,null,null,null,null,"D2"]
[null,24,36,48,60,null,null,null,24,36,48,60]
[1000,5.4510000000000003E-2,3.9629999999999999E-2,3.065E-2,2.58E-2,null,null,1000,5.5039999999999999E-2,4.0189999999999997E-2,3.1060000000000001E-2,2.6190000000000001E-2]
[10000,5.2499999999999998E-2,3.7289999999999997E-2,2.937E-2,2.366E-2,null,null,10000,5.2999999999999999E-2,3.8800000000000001E-2,3.0599999999999999E-2,2.443E-2]
[30000,5.0290000000000001E-2,3.5310000000000001E-2,2.8060000000000002E-2,2.3400000000000001E-2,null,null,30000,5.0380000000000001E-2,3.5650000000000001E-2,2.8340000000000001E-2,2.376E-2]
[50000,4.8800000000000003E-2,3.4009999999999999E-2,2.6540000000000001E-2,2.1870000000000001E-2,null,null,50000,4.9209999999999997E-2,3.406E-2,2.681E-2,2.23E-2]
[100000,4.7399999999999998E-2,3.3230000000000003E-2,2.6030000000000001E-2,2.1499999999999998E-2,null,null,100000,4.7649999999999998E-2,3.3459999999999997E-2,2.6239999999999999E-2,2.1749999999999999E-2]
["Over $150k","Please call","Please call","Please call","Please call",null,null,"Over $150k","Please call","Please call","Please call","Please call"]
[]
["E1"]
[null,24,36,48,60]
[1000,5.5629999999999999E-2,4.0800000000000003E-2,3.1460000000000002E-2,2.622E-2]
[10000,5.3409999999999999E-2,3.9399999999999998E-2,3.1109999999999999E-2,2.4840000000000001E-2]
[30000,5.0779999999999999E-2,3.601E-2,2.8840000000000001E-2,2.443E-2]
[50000,4.9610000000000001E-2,3.431E-2,2.708E-2,2.2630000000000001E-2]
[100000,4.7899999999999998E-2,3.3700000000000001E-2,2.6460000000000001E-2,2.1989999999999999E-2]
["Over $150k","Please call","Please call","Please call","Please call"]
[]
[]
[]
[]
[]
[null,null,null,null,null,null,null,0]
[]
[]
[]
["Equipment Cost"]
["1,000 - 10,000"]
["10,001 - 30,000"]
["30,001 - 50,000"]
["50,001 - 100,000"]
["100,001 -150,000"]
["Over $150,000"]
[]
[]
["Deposit Option:"]
["1 Down"]
["2 Down"]
["$0 Down"]
["30 Days"]
["60 Days"]
["90 Days"]
[]
[]
[]
[]
[]
[]
["Rate Card:"]
["A1",null,"Points"]
["A2",null,0]
["A3",null,1]
["B1",null,2]
["B2",null,3]
["B3",null,4]
["C1",null,5]
["C2",null,6]
["C3",null,7]
["D1",null,8]
["D2",null,9]
["E1",null,10]
[null,null,11]
[null,null,12]
[null,null,13]
[null,null,14]
[null,null,15]
[]
[]
[null,null,"Financed Amount:"]
[null,"Doc fee",{"$f":"Information!C11","v":95000}]
[1000,159]
[10000,199]
[30000,269]
[50000,299]
[100000,349]
[150000,399]
[250000,449]
[250001,499]
["Actual doc Fee:",null,{"$f":"IF(Information!$C$8='Rate Sheet- $0Down'!A120,(100+(VLOOKUP(C105,A106:B113,2))),VLOOKUP(C105,A106:B113,2))","v":299}]
[]
["Estimated payments shown are for companies in business 2 years or more.  Documentation fee up to $"]
[]
[]
["PreFunding"]
["Yes"]
["No"]
[]
[]
[]
[]
[]
[]
[]
[]
[]
[]
[]
[]
[]
[]
[]
[]
[]
[]
[]
[]
[]
[]
[]
[]
[]
[]
[]
[]
[]
[]
[]
[]
[]
[]
[]
[]
[]
[]
[]
[]
[]
[]
[]
[]
[]
[]
[]
[]
[]
[]
[]
[]
[]
[]
[]
[]
[]
[]
[]
[]
[]
[]
[]
[]
[]
[]
[]
[]
[]
[]
[]
[]
[]
[]
[]
[]
[]
[]
[]
[]
[]
[]
[]
[]
[]
[]
[]
[]
[]
[]
[]
[]
[]
[]
[]
[]
[]
[]
[]
[]
[]
[]
[]
[]
[]
[]
[]
[]
[]
[]
[]
[]
[]
[]
[]
[]
[]
[]
[]
[]
[]
[]
[]
[]
[]
[]
[]
[]
[]
[]
[]
[]
[]
[]
[]
[]
[]
[]
[]
[]
[]
[]
[]
[]
[]
[]
[]
[]
[]
[]
[]
[]
[]
[]
[]
[]
[]
[]
[]
[]
[]
[]
[]
[]
[]
[]
[]
[]
[]
[]
[]
[]
[]
[]
[]
[]
[]
[]
[]
[]
[]
[]
[]
[]
[]
[]
[]
[]
[]
[]
[]
[]
[]
[]
[]
[]
[]
[]
[]
[]
[]
[]
[]
[]
[]
[]
[]
[]
[]
[]
[]
[]
[]
[]
[]
[]
[]
[]
[]
[]
[]
[]
[]
[]
[]
[]
[]
[]
[]
[]
[]
[]
[]
[]
[]
[]
[]
[]
[]
[]
[]
[]
[]
[]
[]
[]
[]
[]
[]
[]
[]
[]
[]
[]
[]
[]
[]
[]
[]
[]
[]
[]
[]
[]
[]
[]
[]
[]
[]
[]
[]
[]
[]
[]
[]
[]
[]
[]
[]
[]
[]
[]
[]
[]
[]
[]
[]
[]
[]
[]
[]
[]
[]
[]
[]
[]
[]
[]
[]
[]
[]
[]
[]
[]
[]
[]
[]
[]
[]
[]
[]
[]
[]
[]
[]
[]
[]
[]
[]
[]
[]
[]
[]
[]
[]
[]
[]
[]
[]
[]
[]
[]
[]
[]
[]
[]
[]
[]
[]
[]
[]
[]
[]
[]
[]
[]
[]
[]
[]
[]
[]
[]
[]
[]
[]
[]
[]
[]
[]
[]
[]
[]
[]
[]
[]
[]
[]
[]
[]
[]
[]
[]
[]
[]
[]
[]
[]
[]
[]
[]
[]
[]
[]
[]
[]
[]
[]
[]
[]
[]
[]
[]
[]
[]
[]
[]
[]
[]
[]
[]
[]
[]
[]
[]
[]
[]
[]
[]
[]
[]
[]
[]
[]
[]
[]
[]
[]
[]
[]
[]
[]
[]
[]
[]
[]
[]
[]
[]
[]
[]
[]
[]
[]
[]
[]
[]
[]
[]
[]
[]
[]
[]
[]
[]
[]
[]
[]
[]
[]
[]
[]
[]
[]
[]
[]
[]
[]
[]
[]
[]
[]
[]
[]
[]
[]
[]
[]
[]
[]
[]
[]
[]
[]
[]
[]
[]
[]
[]
[]
[]
[]
[]
[]
[]
[]
[]
[]
[]
[]
[]
[]
[]
[]
[]
[]
[]
[]
[]
[]
[]
[]
[]
[]
[]
[]
[]
[]
[]
[]
[]
[]
[]
[]
[]
[]
[]
[]
[]
[]
[]
[]
[]
[]
[]
[]
[]
[]
[]
[]
[]
[]
[]
[]
[]
[]
[]
[]
[]
[]
[]
[]
[]
[]
[]
[]
[]
[]
[]
[]
[]
[]
[]
[]
[]
[]
[]
[]
[]
[]
[]
[]
[]
[]
[]
[]
[]
[]
[]
[]
[]
[]
[]
[]
[]
[]
[]
[]
[]
[]
[]
[]
[]
[]
[]
[]
[]
[]
[]
[]
[]
[]
[]
[]
[]
[]
[]
[]
[]
[]
[]
[]
[]
[]
[]
[]
[]
[]
[]
[]
[]
[]
[]
[]
[]
[]
[]
[]
[]
[]
[]
[]
[]
[]
[]
[]
[]
[]
[]
[]
[]
[]
[]
[]
[]
[]
[]
[]
[]
[]
[]
[]
[]
[]
[]
[]
[]
[]
[]
[]
[]
[]
[]
[]
[]
[]
[]
[]
[]
[]
[]
[]
[]
[]
[]
[]
[]
[]
[]
[]
[]
[]
[]
[]
[]
[]
[]
[]
[]
[]
[]
[]
[]
[]
[]
[]
[]
[]
[]
[]
[]
[]
[]
[]
[]
[]
[]
[]
[]
[]
[]
[]
[]
[]
[]
[]
[]
[]
[]
[]
[]
[]
[]
[]
[]
[]
[]
[]
[]
[]
[]
[]
[]
[]
[]
[]
[]
[]
[]
[]
[]
[]
[]
[]
[]
[]
[]
[]
[]
[]
[]
[]
[]
[]
[]
[]
[]
[]
[]
[]
[]
[]
[]
[]
[]
[]
[]
[]
[]
[]
[]
[]
[]
[]
[]
[]
[]
[]
[]
[]
[]
[]
[]
[]
[]
[]
[]
[]
[]
[]
[]
[]
[]
[]
[]
[]
[]
[]
[]
[]
[]
[]
[]
[]
[]
[]
[]
[]
[]
[]
[]
[]
[]
[]
[]
[]
[]
[]
[]
[]
[]
[]
[]
[]
[]
[]
[]
[]
[]
[]
[]
[]
[]
[]
[]
[]
[]
[]
[]
[]
[]
[]
[]
[]
[]
[]
[]
[]
[]
[]
[]
[]
[]
[]
[]
[]
[]
[]
[]
[]
[]
[]
[]
[]
[]
[]
[]
[]
[]
[]
[]
[]
[]
[]
[]
[]
[]
[]
[]
[]
[]
[]
[]
[]
[]
[]
[]
[]
[]
[]
[]
[]
[]
[]
[]
[]
[]
[]
[]
[]
[]
[]
[]
[]
[]
[]
[]
[]
[]
[]
[]
[]
[]
[]
[]
[]
[]
[]
[]
[]
[]
[]
[]
[]
[]
[]
[]
[]
[]
[]
[]
[]
[]
[]
[]
[]
[]
[]
[]
[]
[]
[]
[]
[]
[]
[]
[]
[]
[]
[]
[]
[]
[]
[]
[]
[]
[]
[]
[]
[]
[]
[]
[]
[]
[]
[]
[]
[]
[]
[]
[]
[]
[]
[]
[]
[]
[]
[]
[]
[]
[]
[]
[]
[]
[]
[]
[]
[]
[]
[]
[]
[]
[]
[]
[]
[]
[]
[]
[]
[]
[]
[]
[]
[]
[]
[]
[]
[]
[]
[]
[]
[]
[]
[]
[]
[]
[]
[]
[]
[]
[]
[]
[]
[]
[]
[]
[]
[]
[]
[]
[]
[]
[]
[]
[]
[]
[]
[]
[]
[]
[]
[]
[]
[]
[]
[]
[]
[]
[]
[]
[]
[]
[]
[]
[]
[]
[]
[]
[]
[]
[]
[]
[]
[]
[]
[]
[]
[]
[]
[]
[]
[]
[]
[]
[]
[]
[]
[]
[]
[]
[]
[]
[]
[]
[]
[]
[]
[]
[]
[]
[]
[]
[]
[]
[]
[]
[]
[]
[]
[]
[]
[]
[]
[]
[]
[]
[]
[]
[]
[]
[]
[]
[]
[]
[]
[]
[]
[]
[]
[]
[]
[]
[]
[]
[]
[]
[]
[]
[]
[]
[]
[]
[]
[]
[]
[]
[]
[]
[]
[]
[]
[]
[]
[]
[]
[]
[]
[]
[]
[]
[]
[]
[]
[]
[]
[]
[]
[]
[]
[]
[]
[]
[]
[]
[]
[]
[]
[]
[]
[]
[]
[]
[]
[]
[]
[]
[]
[]
[]
[]
[]
[]
[]
[]
[]
[]
[]
[]
[]
[]
[]
[]
[]
[]
[]
[]
[]
[]
[]
[]
[]
[]
[]
[]
[]
[]
[]
[]
[]
[]
[]
[]
[]
[]
[]
[]
[]
[]
[]
[]
[]
[]
[]
[]
[]
[]
[]
[]
[]
[]
[]
[]
[]
[]
[]
[]
[]
[]
[]
[]
[]
[]
[]
[]
[]
[]
[]
[]
[]
[]
[]
[]
[]
[]
[]
[]
[]
[]
[]
[]
[]
[]
[]
[]
[]
[]
[]
[]
[]
[]
[]
[]
[]
[]
[]
[]
[]
[]
[]
[]
[]
[]
[]
[]
[]
[]
[]
[]
[]
[]
[]
[]
[]
[]
[]
[]
[]
[]
[]
[]
[]
[]
[]
[]
[]
[]
[]
[]
[]
[]
[]
[]
[]
[]
[]
[]
[]
[]
[]
[]
[]
[]
[]
[]
[]
[]
[]
[]
[]
[]
[]
[]
[]
[]
[]
[]
[]
[]
[]
[]
[]
[]
[]
[]
[]
[]
[]
[]
[]
[]
[]
[]
[]
[]
[]
[]
[]
[]
[]
[]
[]
[]
[]
[]
[]
[]
[]
[]
[]
[]
[]
[]
[]
[]
[]
[]
[]
[]
[]
[]
[]
[]
[]
[]
[]
[]
[]
[]
[]
[]
[]
[]
[]
[]
[]
[]
[]
[]
[]
[]
[]
[]
[]
[]
[]
[]
[]
[]
[]
[]
[]
[]
[]
[]
[]
[]
[]
[]
[]
[]
[]
[]
[]
[]
[]
[]
[]
[]
[]
[]
[]
[]
[]
[]
[]
[]
[]
[]
[]
[]
[]
[]
[]
[]
[]
[]
[]
[]
[]
[]
[]
[]
[]
[]
[]
[]
[]
[]
[]
[]
[]
[]
[]
[]
[]
[]
[]
[]
[]
[]
[]
[]
[]
[]
[]
[]
[]
[]
[]
[]
[]
[]
[]
[]
[]
[]
[]
[]
[]
[]
[]
[]
[]
[]
[]
[]
[]
[]
[]
[]
[]
[]
[]
[]
[]
[]
[]
[]
[]
[]
[]
[]
[]
[]
[]
[]
[]
[]
[]
[]
[]
[]
[]
[]
[]
[]
[]
[]
[]
[]
[]
[]
[]
[]
[]
[]
[]
[]
[]
[]
[]
[]
[]
[]
[]
[]
[]
[]
[]
[]
[]
[]
[]
[]
[]
[]
[]
[]
[]
[]
[]
[]
[]
[]
[]
[]
[]
[]
[]
[]
[]
[]
[]
[]
[]
[]
[]
[]
[]
[]
[]
[]
[]
[]
[]
[]
[]
[]
[]
[]
[]
[]
[]
[]
[]
[]
[]
[]
[]
[]
[]
[]
[]
[]
[]
[]
[]
[]
[]
[]
[]
[]
[]
[]
[]
[]
[]
[]
[]
[]
[]
[]
[]
[]
[]
[]
[]
[]
[]
[]
[]
[]
[]
[]
[]
[]
[]
[]
[]
[]
[]
[]
[]
[]
[]
[]
[]
[]
[]
[]
[]
[]
[]
[]
[]
[]
[]
[]
[]
[]
[]
[]
[]
[]
[]
[]
[]
[]
[]
[]
[]
[]
[]
[]
[]
[]
[]
[]
[]
[]
[]
[]
[]
[]
[]
[]
[]
[]
[]
[]
[]
[]
[]
[]
[]
[]
[]
[]
[]
[]
[]
[]
[]
[]
[]
[]
[]
[]
[]
[]
[]
[]
[]
[]
[]
[]
[]
[]
[]
[]
[]
[]
[]
[]
[]
[]
[]
[]
[]
[]
[]
[]
[]
[]
[]
[]
[]
[]
[]
[]
[]
[]
[]
[]
[]
[]
[]
[]
[]
[]
[]
[]
[]
[]
[]
[]
[]
[]
[]
[]
[]
[]
[]
[]
[]
[]
[]
[]
[]
[]
[]
[]
[]
[]
[]
[]
[]
[]
[]
[]
[]
[]
[]
[]
[]
[]
[]
[]
[]
[]
[]
[]
[]
[]
[]
[]
[]
[]
[]
[]
[]
[]
[]
[]
[]
[]
[]
[]
[]
[]
[]
[]
[]
[]
[]
[]
[]
[]
[]
[]
[]
[]
[]
[]
[]
[]
[]
[]
[]
[]
[]
[]
[]
[]
[]
[]
[]
[]
[]
[]
[]
[]
[]
[]
[]
[]
[]
[]
[]
[]
[]
[]
[]
[]
[]
[]
[]
[]
[]
[]
[]
[]
[]
[]
[]
[]
[]
[]
[]
[]
[]
[]
[]
[]
[]
[]
[]
[]
[]
[]
[]
[]
[]
[]
[]
[]
[]
[]
[]
[]
[]
[]
[]
[]
[]
[]
[]
[]
["Created, modified and customized by Tim Shane, most awesome team player at Marlin"]

{"sheet":"Rate Sheet- 1 Down","index":3,"n_rows":2009,"n_cols":18,"rows_kept":2009,"cut":false,"hidden":true,"merged":[[70,0,70,1]]}
[]
["Lease Plan Rate Factors"]
[2019,null,"RBP - RETAIL",null,null,"2019-12-31"]
[]
[null,null,null,null,null,null,null,24,36,48,60]
[null,null,null,null,null,null,null,{"$f":"IF(Information!$C$9='Rate Sheet- 1 Down'!$A$85,VLOOKUP(Information!$C$11,'Rate Sheet- 1 Down'!A10:E16,2),IF(Information!$C$9='Rate Sheet- 1 Down'!$A$86,VLOOKUP(Information!$C$11,'Rate Sheet- 1 Down'!H10:L16,2),IF(Information!$C$9='Rate Sheet- 1 Down'!$A$87,VLOOKUP(Information!$C$11,'Rate Sheet- 1 Down'!N10:R16,2),IF(Information!$C$9='Rate Sheet- 1 Down'!$A$88,VLOOKUP(Information!$C$11,'Rate Sheet- 1 Down'!A19:E25,2),IF(Information!$C$9='Rate Sheet- 1 Down'!$A$89,VLOOKUP(Information!$C$11,'Rate Sheet- 1 Down'!H19:L25,2),IF(Information!$C$9='Rate Sheet- 1 Down'!$A$90,VLOOKUP(Information!$C$11,'Rate Sheet- 1 Down'!N19:R25,2),IF(Information!$C$9='Rate Sheet- 1 Down'!$A$91,VLOOKUP(Information!$C$11,'Rate Sheet- 1 Down'!A28:E34,2),IF(Information!$C$9='Rate Sheet- 1 Down'!$A$92,VLOOKUP(Information!$C$11,'Rate Sheet- 1 Down'!H28:L34,2),IF(Information!$C$9='Rate Sheet- 1 Down'!$A$93,VLOOKUP(Information!$C$11,'Rate Sheet- 1 Down'!N28:R34,2),IF(Information!$C$9='Rate Sheet- 1 Down'!$A$94,VLOOKUP(Information!$C$11,'Rate Sheet- 1 Down'!A37:E43,2),IF(Information!$C$9='Rate Sheet- 1 Down'!$A$95,VLOOKUP(Information!$C$11,'Rate Sheet- 1 Down'!H37:L43,2),IF(Information!$C$9='Rate Sheet- 1 Down'!$A$96,VLOOKUP(Information!$C$11,'Rate Sheet- 1 Down'!A46:E52,2),\"error\"))))))))))))","v":4.6755890141767703E-2},{"$f":"IF(Information!$C$9='Rate Sheet- 1 Down'!$A$85,VLOOKUP(Information!$C$11,'Rate Sheet- 1 Down'!A10:E16,3),IF(Information!$C$9='Rate Sheet- 1 Down'!$A$86,VLOOKUP(Information!$C$11,'Rate Sheet- 1 Down'!H10:L16,3),IF(Information!$C$9='Rate Sheet- 1 Down'!$A$87,VLOOKUP(Information!$C$11,'Rate Sheet- 1 Down'!N10:R16,3),IF(Information!$C$9='Rate Sheet- 1 Down'!$A$88,VLOOKUP(Information!$C$11,'Rate Sheet- 1 Down'!A19:E25,3),IF(Information!$C$9='Rate Sheet- 1 Down'!$A$89,VLOOKUP(Information!$C$11,'Rate Sheet- 1 Down'!H19:L25,3),IF(Information!$C$9='Rate Sheet- 1 Down'!$A$90,VLOOKUP(Information!$C$11,'Rate Sheet- 1 Down'!N19:R25,3),IF(Information!$C$9='Rate Sheet- 1 Down'!$A$91,VLOOKUP(Information!$C$11,'Rate Sheet- 1 Down'!A28:E34,3),IF(Information!$C$9='Rate Sheet- 1 Down'!$A$92,VLOOKUP(Information!$C$11,'Rate Sheet- 1 Down'!H28:L34,3),IF(Information!$C$9='Rate Sheet- 1 Down'!$A$93,VLOOKUP(Information!$C$11,'Rate Sheet- 1 Down'!N28:R34,3),IF(Information!$C$9='Rate Sheet- 1 Down'!$A$94,VLOOKUP(Information!$C$11,'Rate Sheet- 1 Down'!A37:E43,3),IF(Information!$C$9='Rate Sheet- 1 Down'!$A$95,VLOOKUP(Information!$C$11,'Rate Sheet- 1 Down'!H37:L43,3),IF(Information!$C$9='Rate Sheet- 1 Down'!$A$96,VLOOKUP(Information!$C$11,'Rate Sheet- 1 Down'!A46:E52,3),\"error\"))))))))))))","v":3.2066428634826699E-2},{"$f":"IF(Information!$C$9='Rate Sheet- 1 Down'!$A$85,VLOOKUP(Information!$C$11,'Rate Sheet- 1 Down'!A10:E16,4),IF(Information!$C$9='Rate Sheet- 1 Down'!$A$86,VLOOKUP(Information!$C$11,'Rate Sheet- 1 Down'!H10:L16,4),IF(Information!$C$9='Rate Sheet- 1 Down'!$A$87,VLOOKUP(Information!$C$11,'Rate Sheet- 1 Down'!N10:R16,4),IF(Information!$C$9='Rate Sheet- 1 Down'!$A$88,VLOOKUP(Information!$C$11,'Rate Sheet- 1 Down'!A19:E25,4),IF(Information!$C$9='Rate Sheet- 1 Down'!$A$89,VLOOKUP(Information!$C$11,'Rate Sheet- 1 Down'!H19:L25,4),IF(Information!$C$9='Rate Sheet- 1 Down'!$A$90,VLOOKUP(Information!$C$11,'Rate Sheet- 1 Down'!N19:R25,4),IF(Information!$C$9='Rate Sheet- 1 Down'!$A$91,VLOOKUP(Information!$C$11,'Rate Sheet- 1 Down'!A28:E34,4),IF(Information!$C$9='Rate Sheet- 1 Down'!$A$92,VLOOKUP(Information!$C$11,'Rate Sheet- 1 Down'!H28:L34,4),IF(Information!$C$9='Rate Sheet- 1 Down'!$A$93,VLOOKUP(Information!$C$11,'Rate Sheet- 1 Down'!N28:R34,4),IF(Information!$C$9='Rate Sheet- 1 Down'!$A$94,VLOOKUP(Information!$C$11,'Rate Sheet- 1 Down'!A37:E43,4),IF(Information!$C$9='Rate Sheet- 1 Down'!$A$95,VLOOKUP(Information!$C$11,'Rate Sheet- 1 Down'!H37:L43,4),IF(Information!$C$9='Rate Sheet- 1 Down'!$A$96,VLOOKUP(Information!$C$11,'Rate Sheet- 1 Down'!A46:E52,4),\"error\"))))))))))))","v":2.4857881912926101E-2},{"$f":"IF(Information!$C$9='Rate Sheet- 1 Down'!$A$85,VLOOKUP(Information!$C$11,'Rate Sheet- 1 Down'!A10:E16,5),IF(Information!$C$9='Rate Sheet- 1 Down'!$A$86,VLOOKUP(Information!$C$11,'Rate Sheet- 1 Down'!H10:L16,5),IF(Information!$C$9='Rate Sheet- 1 Down'!$A$87,VLOOKUP(Information!$C$11,'Rate Sheet- 1 Down'!N10:R16,5),IF(Information!$C$9='Rate Sheet- 1 Down'!$A$88,VLOOKUP(Information!$C$11,'Rate Sheet- 1 Down'!A19:E25,5),IF(Information!$C$9='Rate Sheet- 1 Down'!$A$89,VLOOKUP(Information!$C$11,'Rate Sheet- 1 Down'!H19:L25,5),IF(Information!$C$9='Rate Sheet- 1 Down'!$A$90,VLOOKUP(Information!$C$11,'Rate Sheet- 1 Down'!N19:R25,5),IF(Information!$C$9='Rate Sheet- 1 Down'!$A$91,VLOOKUP(Information!$C$11,'Rate Sheet- 1 Down'!A28:E34,5),IF(Information!$C$9='Rate Sheet- 1 Down'!$A$92,VLOOKUP(Information!$C$11,'Rate Sheet- 1 Down'!H28:L34,5),IF(Information!$C$9='Rate Sheet- 1 Down'!$A$93,VLOOKUP(Information!$C$11,'Rate Sheet- 1 Down'!N28:R34,5),IF(Information!$C$9='Rate Sheet- 1 Down'!$A$94,VLOOKUP(Information!$C$11,'Rate Sheet- 1 Down'!A37:E43,5),IF(Information!$C$9='Rate Sheet- 1 Down'!$A$95,VLOOKUP(Information!$C$11,'Rate Sheet- 1 Down'!H37:L43,5),IF(Information!$C$9='Rate Sheet- 1 Down'!$A$96,VLOOKUP(Information!$C$11,'Rate Sheet- 1 Down'!A46:E52,5),\"error\"))))))))))))","v":2.0027614739151399E-2}]
[]
[]
["A1",null,null,null,null,null,null,"A2",null,null,null,null,null,"A2"]
[null,24,36,48,60,null,null,null,24,36,48,60,null,null,24,36,48,60]
[1000,4.8649999999999999E-2,3.397E-2,2.6849999999999999E-2,2.172E-2,null,null,1000,4.8816696851776198E-2,3.4191829555363103E-2,2.7011344148070798E-2,2.1783845523489099E-2,null,1000,4.9404374585569101E-2,3.4579871398594197E-2,2.7224912476557998E-2,2.1927888966395599E-2]
[10000,4.8370000000000003E-2,3.2719999999999999E-2,2.555E-2,2.0369999999999999E-2,null,null,10000,4.8643245140751599E-2,3.30193297675982E-2,2.6003462754390999E-2,2.0603826566685999E-2,null,10000,4.8751616189484002E-2,3.35352343650051E-2,2.6352688491956801E-2,2.08135286293353E-2]
[30000,4.6859999999999999E-2,3.2009999999999997E-2,2.4549999999999999E-2,1.9789999999999999E-2,null,null,30000,4.7135708537080802E-2,3.2317409990474E-2,2.48787551151105E-2,1.9959094619883801E-2,null,30000,4.7309557897354797E-2,3.2441338186124401E-2,2.51757554483358E-2,2.0303037584396399E-2]
[50000,4.4970000000000003E-2,3.1019999999999999E-2,2.4029999999999999E-2,1.9300000000000001E-2,null,null,50000,4.5319844171330503E-2,3.1280418749059201E-2,2.4251247359497401E-2,1.9438256197110301E-2,null,50000,4.5449194732402998E-2,3.1519442620350301E-2,2.4474939206886599E-2,1.9641115954868501E-2]
[100000,4.4929999999999998E-2,3.0980000000000001E-2,2.401E-2,1.9279999999999999E-2,null,null,100000,4.5261118419430098E-2,3.1258739485716398E-2,2.4206648891195101E-2,1.9415791580592999E-2,null,100000,4.5428277148517E-2,3.1512787840255803E-2,2.4452517624981601E-2,1.9618515763125399E-2]
["Over $150k","Please call","Please call","Please call","Please call",null,null,"Over $150k","Please call","Please call","Please call","Please call",null,"Over $150k","Please call","Please call","Please call","Please call"]
[]
["B1",null,null,null,null,null,null,"B2",null,null,null,null,null,"B3"]
[null,24,36,48,60,null,null,null,24,36,48,60,null,null,24,36,48,60]
[1000,4.9513587969703399E-2,3.4602769283843503E-2,2.7367790199573701E-2,2.20001049211664E-2,null,null,1000,4.97761877165699E-2,3.5501973577453001E-2,2.7967382382581198E-2,2.24848368851648E-2,null,1000,5.0282309590516903E-2,3.57344696893667E-2,2.8331180532184801E-2,2.25580382095424E-2]
[10000,4.8925261219440498E-2,3.36479560546529E-2,2.6469661025837799E-2,2.0907112432488599E-2,null,null,10000,4.9404374585719502E-2,3.4351331533305801E-2,2.71298822057582E-2,2.1307460133599802E-2,null,10000,4.9760715685169002E-2,3.4880453974491403E-2,2.7580471197289801E-2,2.1378547811208199E-2]
[30000,4.7330919519108602E-2,3.2463465957010003E-2,2.52669908875056E-2,2.0326086221290899E-2,null,null,30000,4.75662223171196E-2,3.2952355727282598E-2,2.58413625355997E-2,2.0977454513374901E-2,null,30000,4.8131083651299797E-2,3.3469938350647703E-2,2.5910765935105901E-2,2.1047928626411298E-2]
[50000,4.54701173543463E-2,3.1541222181645803E-2,2.4497372417394799E-2,1.96637311797563E-2,null,null,50000,4.6395689937211403E-2,3.17813474115081E-2,2.47674764861112E-2,1.9777032623663399E-2,null,50000,4.6501481822918099E-2,3.18032269469741E-2,2.4835263215947E-2,1.9799737935989999E-2]
[100000,4.5449194722942503E-2,3.1519442619314497E-2,2.4474939206128001E-2,1.9641115952992401E-2,null,null,100000,4.5868604466568201E-2,3.1759476216122802E-2,2.4744904043782101E-2,1.97543423112033E-2,null,100000,4.6106329921001603E-2,3.1781347407142203E-2,2.4812656062020402E-2,1.9777032623663201E-2]
["Over $150k","Please call","Please call","Please call","Please call",null,null,"Over $150k","Please call","Please call","Please call","Please call",null,"Over $150k","Please call","Please call","Please call","Please call"]
[]
["C1",null,null,null,null,null,null,"C2",null,null,null,null,null,"C3"]
[null,24,36,48,60,null,null,null,24,36,48,60,null,null,24,36,48,60]
[1000,5.1566558296940998E-2,3.7145945367843297E-2,2.9014593499205401E-2,2.30987332513099E-2,null,null,1000,5.1901475926484399E-2,3.7622513710500703E-2,2.95084237108371E-2,2.3596156778013001E-2,null,1000,5.2727278810836997E-2,3.8237826603050397E-2,2.9765581689675798E-2,2.4761114146174198E-2]
[10000,4.9841944998897901E-2,3.5270262673989999E-2,2.78469154367471E-2,2.1426012321716099E-2,null,null,10000,5.0700674908201598E-2,3.57344697213519E-2,2.8330418106906199E-2,2.1951946581219999E-2,null,10000,5.09441780532899E-2,3.6201805047387299E-2,2.84519727056869E-2,2.24848368851642E-2]
[30000,4.8537337136539099E-2,3.3882032956057302E-2,2.6632208123107199E-2,2.1402272780411801E-2,null,null,30000,4.9295280988555901E-2,3.4465501629862998E-2,2.71044500157617E-2,2.1903845731802301E-2,null,30000,4.9404374587280003E-2,3.45340995733453E-2,2.7367790168496098E-2,2.2387433998242098E-2]
[50000,4.6755890141767703E-2,3.2066428634826699E-2,2.4857881912926101E-2,2.0027614739151399E-2,null,null,50000,4.7888047454907302E-2,3.33103992087923E-2,2.5957091665051699E-2,2.1426012321822899E-2,null,50000,4.7952544722977899E-2,3.3557762503777802E-2,2.60151730950396E-2,2.1521115764513699E-2]
[100000,4.6395689936785001E-2,3.2044449546237801E-2,2.4835263206417799E-2,1.9959094618467701E-2,null,null,100000,4.6464188024018499E-2,3.2466722991963202E-2,2.5384661951173001E-2,2.06503237365241E-2,null,100000,4.6671007803234597E-2,3.2552059358414598E-2,2.54958824424154E-2,2.0836902499906999E-2]
["Over $150k","Please call","Please call","Please call","Please call",null,null,"Over $150k","Please call","Please call","Please call","Please call",null,"Over $150k","Please call","Please call","Please call","Please call"]
[]
["D1",null,null,null,null,null,null,"D2"]
[null,24,36,48,60,null,null,null,24,36,48,60]
[1000,5.3296771188468497E-2,3.88269183085556E-2,3.01411455025411E-2,2.5406213540430201E-2,null,null,1000,5.3770363166404503E-2,3.9345275677254703E-2,3.0519062687323802E-2,2.577108009325E-2]
[10000,5.1499699977201101E-2,3.6672243414736003E-2,2.8940886319437399E-2,2.3371627403738601E-2,null,null,10000,5.1949445265363797E-2,3.8061971305719998E-2,3.00902923282356E-2,2.4103726198158398E-2]
[30000,4.9513587977110002E-2,3.4839807013892402E-2,2.7706583265805801E-2,2.3123471977562201E-2,null,null,30000,4.9601044818463898E-2,3.515470257416E-2,2.7967382380380799E-2,2.3471279509600901E-2]
[50000,4.8174551051585399E-2,3.3625395526243697E-2,2.6269642273576799E-2,2.16642059391179E-2,null,null,50000,4.8537657193593799E-2,3.3670524687741198E-2,2.65254610192605E-2,2.2103599204281399E-2]
[100000,4.69080965869514E-2,3.2899225791523302E-2,2.5786323937819398E-2,2.1317782429255101E-2,null,null,100000,4.7130865350648102E-2,3.31166417603483E-2,2.5988458756552198E-2,2.15511733193786E-2]
["Over $150k","Please call","Please call","Please call","Please call",null,null,"Over $150k","Please call","Please call","Please call","Please call"]
[]
["E1"]
[null,24,36,48,60]
[1000,5.42954889083406E-2,3.9904735264846197E-2,3.08993128113484E-2,2.57972402028398E-2]
[10000,5.2314590294523899E-2,3.8619331674185499E-2,3.0565468342310199E-2,2.4495803784391298E-2]
[30000,4.9959614197303999E-2,3.5486107956580797E-2,2.84353369210021E-2,2.41071132868746E-2]
[50000,4.8902134015744898E-2,3.3903883182693002E-2,2.6782622990567301E-2,2.2395194645975301E-2]
[100000,4.73541750168903E-2,3.3334830777410202E-2,2.6191458681425198E-2,2.1785963897294199E-2]
["Over $150k","Please call","Please call","Please call","Please call"]
[]
[]
[]
[]
[]
[null,null,null,null,null,null,null,0]
[]
[]
[]
["Equipment Cost"]
["1,000 - 10,000"]
["10,001 - 30,000"]
["30,001 - 50,000"]
["50,001 - 100,000"]
["100,001 -150,000"]
["Over $150,000"]
[]
[]
["Deposit Option:"]
["1 Down"]
["2 Down"]
["$0 Down"]
["30 Days"]
["60 Days"]
["90 Days"]
[]
[]
[]
[]
[]
[]
["Rate Card:"]
["A1",null,"Points"]
["A2",null,0]
["A3",null,1]
["B1",null,2]
["B2",null,3]
["B3",null,4]
["C1",null,5]
["C2",null,6]
["C3",null,7]
["D1",null,8]
["D2",null,9]
["E1",null,10]
[null,null,11]
[null,null,12]
[null,null,13]
[null,null,14]
[null,null,15]
[]
[null,null,"Points Requested:"]
[null,null,{"$f":"('Rate Sheet- 1 Down'!$C$16/100)+1","v":{"$error":"#VALUE!"}}]
[]
[]
[]
[]
[]
[]
[]
[]
[]
[]
[]
[]
[]
[]
[]
[]
[]
[]
[]
[]
[]
[]
[]
[]
[]
[]
[]
[]
[]
[]
[]
[]
[]
[]
[]
[]
[]
[]
[]
[]
[]
[]
[]
[]
[]
[]
[]
[]
[]
[]
[]
[]
[]
[]
[]
[]
[]
[]
[]
[]
[]
[]
[]
[]
[]
[]
[]
[]
[]
[]
[]
[]
[]
[]
[]
[]
[]
[]
[]
[]
[]
[]
[]
[]
[]
[]
[]
[]
[]
[]
[]
[]
[]
[]
[]
[]
[]
[]
[]
[]
[]
[]
[]
[]
[]
[]
[]
[]
[]
[]
[]
[]
[]
[]
[]
[]
[]
[]
[]
[]
[]
[]
[]
[]
[]
[]
[]
[]
[]
[]
[]
[]
[]
[]
[]
[]
[]
[]
[]
[]
[]
[]
[]
[]
[]
[]
[]
[]
[]
[]
[]
[]
[]
[]
[]
[]
[]
[]
[]
[]
[]
[]
[]
[]
[]
[]
[]
[]
[]
[]
[]
[]
[]
[]
[]
[]
[]
[]
[]
[]
[]
[]
[]
[]
[]
[]
[]
[]
[]
[]
[]
[]
[]
[]
[]
[]
[]
[]
[]
[]
[]
[]
[]
[]
[]
[]
[]
[]
[]
[]
[]
[]
[]
[]
[]
[]
[]
[]
[]
[]
[]
[]
[]
[]
[]
[]
[]
[]
[]
[]
[]
[]
[]
[]
[]
[]
[]
[]
[]
[]
[]
[]
[]
[]
[]
[]
[]
[]
[]
[]
[]
[]
[]
[]
[]
[]
[]
[]
[]
[]
[]
[]
[]
[]
[]
[]
[]
[]
[]
[]
[]
[]
[]
[]
[]
[]
[]
[]
[]
[]
[]
[]
[]
[]
[]
[]
[]
[]
[]
[]
[]
[]
[]
[]
[]
[]
[]
[]
[]
[]
[]
[]
[]
[]
[]
[]
[]
[]
[]
[]
[]
[]
[]
[]
[]
[]
[]
[]
[]
[]
[]
[]
[]
[]
[]
[]
[]
[]
[]
[]
[]
[]
[]
[]
[]
[]
[]
[]
[]
[]
[]
[]
[]
[]
[]
[]
[]
[]
[]
[]
[]
[]
[]
[]
[]
[]
[]
[]
[]
[]
[]
[]
[]
[]
[]
[]
[]
[]
[]
[]
[]
[]
[]
[]
[]
[]
[]
[]
[]
[]
[]
[]
[]
[]
[]
[]
[]
[]
[]
[]
[]
[]
[]
[]
[]
[]
[]
[]
[]
[]
[]
[]
[]
[]
[]
[]
[]
[]
[]
[]
[]
[]
[]
[]
[]
[]
[]
[]
[]
[]
[]
[]
[]
[]
[]
[]
[]
[]
[]
[]
[]
[]
[]
[]
[]
[]
[]
[]
[]
[]
[]
[]
[]
[]
[]
[]
[]
[]
[]
[]
[]
[]
[]
[]
[]
[]
[]
[]
[]
[]
[]
[]
[]
[]
[]
[]
[]
[]
[]
[]
[]
[]
[]
[]
[]
[]
[]
[]
[]
[]
[]
[]
[]
[]
[]
[]
[]
[]
[]
[]
[]
[]
[]
[]
[]
[]
[]
[]
[]
[]
[]
[]
[]
[]
[]
[]
[]
[]
[]
[]
[]
[]
[]
[]
[]
[]
[]
[]
[]
[]
[]
[]
[]
[]
[]
[]
[]
[]
[]
[]
[]
[]
[]
[]
[]
[]
[]
[]
[]
[]
[]
[]
[]
[]
[]
[]
[]
[]
[]
[]
[]
[]
[]
[]
[]
[]
[]
[]
[]
[]
[]
[]
[]
[]
[]
[]
[]
[]
[]
[]
[]
[]
[]
[]
[]
[]
[]
[]
[]
[]
[]
[]
[]
[]
[]
[]
[]
[]
[]
[]
[]
[]
[]
[]
[]
[]
[]
[]
[]
[]
[]
[]
[]
[]
[]
[]
[]
[]
[]
[]
[]
[]
[]
[]
[]
[]
[]
[]
[]
[]
[]
[]
[]
[]
[]
[]
[]
[]
[]
[]
[]
[]
[]
[]
[]
[]
[]
[]
[]
[]
[]
[]
[]
[]
[]
[]
[]
[]
[]
[]
[]
[]
[]
[]
[]
[]
[]
[]
[]
[]
[]
[]
[]
[]
[]
[]
[]
[]
[]
[]
[]
[]
[]
[]
[]
[]
[]
[]
[]
[]
[]
[]
[]
[]
[]
[]
[]
[]
[]
[]
[]
[]
[]
[]
[]
[]
[]
[]
[]
[]
[]
[]
[]
[]
[]
[]
[]
[]
[]
[]
[]
[]
[]
[]
[]
[]
[]
[]
[]
[]
[]
[]
[]
[]
[]
[]
[]
[]
[]
[]
[]
[]
[]
[]
[]
[]
[]
[]
[]
[]
[]
[]
[]
[]
[]
[]
[]
[]
[]
[]
[]
[]
[]
[]
[]
[]
[]
[]
[]
[]
[]
[]
[]
[]
[]
[]
[]
[]
[]
[]
[]
[]
[]
[]
[]
[]
[]
[]
[]
[]
[]
[]
[]
[]
[]
[]
[]
[]
[]
[]
[]
[]
[]
[]
[]
[]
[]
[]
[]
[]
[]
[]
[]
[]
[]
[]
[]
[]
[]
[]
[]
[]
[]
[]
[]
[]
[]
[]
[]
[]
[]
[]
[]
[]
[]
[]
[]
[]
[]
[]
[]
[]
[]
[]
[]
[]
[]
[]
[]
[]
[]
[]
[]
[]
[]
[]
[]
[]
[]
[]
[]
[]
[]
[]
[]
[]
[]
[]
[]
[]
[]
[]
[]
[]
[]
[]
[]
[]
[]
[]
[]
[]
[]
[]
[]
[]
[]
[]
[]
[]
[]
[]
[]
[]
[]
[]
[]
[]
[]
[]
[]
[]
[]
[]
[]
[]
[]
[]
[]
[]
[]
[]
[]
[]
[]
[]
[]
[]
[]
[]
[]
[]
[]
[]
[]
[]
[]
[]
[]
[]
[]
[]
[]
[]
[]
[]
[]
[]
[]
[]
[]
[]
[]
[]
[]
[]
[]
[]
[]
[]
[]
[]
[]
[]
[]
[]
[]
[]
[]
[]
[]
[]
[]
[]
[]
[]
[]
[]
[]
[]
[]
[]
[]
[]
[]
[]
[]
[]
[]
[]
[]
[]
[]
[]
[]
[]
[]
[]
[]
[]
[]
[]
[]
[]
[]
[]
[]
[]
[]
[]
[]
[]
[]
[]
[]
[]
[]
[]
[]
[]
[]
[]
[]
[]
[]
[]
[]
[]
[]
[]
[]
[]
[]
[]
[]
[]
[]
[]
[]
[]
[]
[]
[]
[]
[]
[]
[]
[]
[]
[]
[]
[]
[]
[]
[]
[]
[]
[]
[]
[]
[]
[]
[]
[]
[]
[]
[]
[]
[]
[]
[]
[]
[]
[]
[]
[]
[]
[]
[]
[]
[]
[]
[]
[]
[]
[]
[]
[]
[]
[]
[]
[]
[]
[]
[]
[]
[]
[]
[]
[]
[]
[]
[]
[]
[]
[]
[]
[]
[]
[]
[]
[]
[]
[]
[]
[]
[]
[]
[]
[]
[]
[]
[]
[]
[]
[]
[]
[]
[]
[]
[]
[]
[]
[]
[]
[]
[]
[]
[]
[]
[]
[]
[]
[]
[]
[]
[]
[]
[]
[]
[]
[]
[]
[]
[]
[]
[]
[]
[]
[]
[]
[]
[]
[]
[]
[]
[]
[]
[]
[]
[]
[]
[]
[]
[]
[]
[]
[]
[]
[]
[]
[]
[]
[]
[]
[]
[]
[]
[]
[]
[]
[]
[]
[]
[]
[]
[]
[]
[]
[]
[]
[]
[]
[]
[]
[]
[]
[]
[]
[]
[]
[]
[]
[]
[]
[]
[]
[]
[]
[]
[]
[]
[]
[]
[]
[]
[]
[]
[]
[]
[]
[]
[]
[]
[]
[]
[]
[]
[]
[]
[]
[]
[]
[]
[]
[]
[]
[]
[]
[]
[]
[]
[]
[]
[]
[]
[]
[]
[]
[]
[]
[]
[]
[]
[]
[]
[]
[]
[]
[]
[]
[]
[]
[]
[]
[]
[]
[]
[]
[]
[]
[]
[]
[]
[]
[]
[]
[]
[]
[]
[]
[]
[]
[]
[]
[]
[]
[]
[]
[]
[]
[]
[]
[]
[]
[]
[]
[]
[]
[]
[]
[]
[]
[]
[]
[]
[]
[]
[]
[]
[]
[]
[]
[]
[]
[]
[]
[]
[]
[]
[]
[]
[]
[]
[]
[]
[]
[]
[]
[]
[]
[]
[]
[]
[]
[]
[]
[]
[]
[]
[]
[]
[]
[]
[]
[]
[]
[]
[]
[]
[]
[]
[]
[]
[]
[]
[]
[]
[]
[]
[]
[]
[]
[]
[]
[]
[]
[]
[]
[]
[]
[]
[]
[]
[]
[]
[]
[]
[]
[]
[]
[]
[]
[]
[]
[]
[]
[]
[]
[]
[]
[]
[]
[]
[]
[]
[]
[]
[]
[]
[]
[]
[]
[]
[]
[]
[]
[]
[]
[]
[]
[]
[]
[]
[]
[]
[]
[]
[]
[]
[]
[]
[]
[]
[]
[]
[]
[]
[]
[]
[]
[]
[]
[]
[]
[]
[]
[]
[]
[]
[]
[]
[]
[]
[]
[]
[]
[]
[]
[]
[]
[]
[]
[]
[]
[]
[]
[]
[]
[]
[]
[]
[]
[]
[]
[]
[]
[]
[]
[]
[]
[]
[]
[]
[]
[]
[]
[]
[]
[]
[]
[]
[]
[]
[]
[]
[]
[]
[]
[]
[]
[]
[]
[]
[]
[]
[]
[]
[]
[]
[]
[]
[]
[]
[]
[]
[]
[]
[]
[]
[]
[]
[]
[]
[]
[]
[]
[]
[]
[]
[]
[]
[]
[]
[]
[]
[]
[]
[]
[]
[]
[]
[]
[]
[]
[]
[]
[]
[]
[]
[]
[]
[]
[]
[]
[]
[]
[]
[]
[]
[]
[]
[]
[]
[]
[]
[]
[]
[]
[]
[]
[]
[]
[]
[]
[]
[]
[]
[]
[]
[]
[]
[]
[]
[]
[]
[]
[]
[]
[]
[]
[]
[]
[]
[]
[]
[]
[]
[]
[]
[]
[]
[]
[]
[]
[]
[]
[]
[]
[]
[]
[]
[]
[]
[]
[]
[]
[]
[]
[]
[]
[]
[]
[]
[]
[]
[]
[]
[]
[]
[]
[]
[]
[]
[]
[]
[]
[]
[]
[]
[]
[]
[]
[]
[]
[]
[]
[]
[]
[]
[]
[]
[]
[]
[]
[]
[]
[]
[]
[]
[]
[]
[]
[]
[]
[]
[]
[]
[]
[]
[]
[]
[]
[]
[]
[]
[]
[]
[]
[]
[]
[]
[]
[]
[]
[]
[]
[]
[]
[]
[]
[]
[]
[]
[]
[]
[]
[]
[]
[]
[]
[]
[]
[]
[]
[]
[]
[]
[]
[]
[]
[]
[]
[]
[]
[]
[]
[]
[]
[]
[]
[]
[]
[]
[]
[]
[]
[]
[]
[]
[]
[]
[]
[]
[]
[]
[]
[]
[]
[]
[]
[]
[]
[]
[]
[]
[]
[]
[]
[]
[]
[]
[]
[]
[]
[]
[]
[]
[]
[]
[]
[]
[]
[]
[]
[]
[]
[]
[]
[]
[]
[]
[]
[]
[]
[]
[]
[]
[]
[]
[]
[]
[]
[]
[]
[]
[]
[]
[]
[]
[]
[]
[]
[]
[]
[]
[]
[]
[]
[]
[]
[]
[]
[]
[]
[]
[]
[]
[]
[]
[]
[]
[]
[]
[]
[]
[]
[]
[]
[]
[]
[]
[]
[]
[]
[]
[]
[]
[]
[]
[]
[]
[]
[]
[]
[]
[]
[]
[]
[]
[]
[]
[]
[]
[]
[]
[]
[]
[]
[]
[]
[]
[]
[]
[]
[]
[]
[]
[]
[]
[]
[]
[]
[]
[]
[]
[]
[]
[]
[]
[]
[]
[]
[]
[]
[]
[]
[]
[]
[]
[]
[]
[]
[]
[]
[]
[]
[]
[]
[]
[]
[]
[]
[]
[]
[]
[]
[]
[]
[]
[]
[]
[]
[]
[]
[]
[]
[]
[]
[]
[]
[]
[]
[]
[]
[]
[]
[]
[]
[]
[]
[]
[]
[]
["Created, modified and customized by Tim Shane, most awesome team player at Marlin"]

{"sheet":"Rate Sheet- 2 Down","index":4,"n_rows":2009,"n_cols":18,"rows_kept":2009,"cut":false,"hidden":true,"merged":[[70,0,70,1]]}
[]
["Lease Plan Rate Factors"]
[2019,null,"RBP - RETAIL",null,null,"2019-12-31"]
[]
[null,null,null,null,null,null,null,24,36,48,60]
[null,null,null,null,null,null,null,{"$f":"IF(Information!$C$9='Rate Sheet- 2 Down'!$A$85,VLOOKUP(Information!$C$11,'Rate Sheet- 2 Down'!A10:E16,2),IF(Information!$C$9='Rate Sheet- 2 Down'!$A$86,VLOOKUP(Information!$C$11,'Rate Sheet- 2 Down'!H10:L16,2),IF(Information!$C$9='Rate Sheet- 2 Down'!$A$87,VLOOKUP(Information!$C$11,'Rate Sheet- 2 Down'!N10:R16,2),IF(Information!$C$9='Rate Sheet- 2 Down'!$A$88,VLOOKUP(Information!$C$11,'Rate Sheet- 2 Down'!A19:E25,2),IF(Information!$C$9='Rate Sheet- 2 Down'!$A$89,VLOOKUP(Information!$C$11,'Rate Sheet- 2 Down'!H19:L25,2),IF(Information!$C$9='Rate Sheet- 2 Down'!$A$90,VLOOKUP(Information!$C$11,'Rate Sheet- 2 Down'!N19:R25,2),IF(Information!$C$9='Rate Sheet- 2 Down'!$A$91,VLOOKUP(Information!$C$11,'Rate Sheet- 2 Down'!A28:E34,2),IF(Information!$C$9='Rate Sheet- 2 Down'!$A$92,VLOOKUP(Information!$C$11,'Rate Sheet- 2 Down'!H28:L34,2),IF(Information!$C$9='Rate Sheet- 2 Down'!$A$93,VLOOKUP(Information!$C$11,'Rate Sheet- 2 Down'!N28:R34,2),IF(Information!$C$9='Rate Sheet- 2 Down'!$A$94,VLOOKUP(Information!$C$11,'Rate Sheet- 2 Down'!A37:E43,2),IF(Information!$C$9='Rate Sheet- 2 Down'!$A$95,VLOOKUP(Information!$C$11,'Rate Sheet- 2 Down'!H37:L43,2),IF(Information!$C$9='Rate Sheet- 2 Down'!$A$96,VLOOKUP(Information!$C$11,'Rate Sheet- 2 Down'!A46:E52,2),\"error\"))))))))))))","v":4.6301649168278697E-2},{"$f":"IF(Information!$C$9='Rate Sheet- 2 Down'!$A$85,VLOOKUP(Information!$C$11,'Rate Sheet- 2 Down'!A10:E16,3),IF(Information!$C$9='Rate Sheet- 2 Down'!$A$86,VLOOKUP(Information!$C$11,'Rate Sheet- 2 Down'!H10:L16,3),IF(Information!$C$9='Rate Sheet- 2 Down'!$A$87,VLOOKUP(Information!$C$11,'Rate Sheet- 2 Down'!N10:R16,3),IF(Information!$C$9='Rate Sheet- 2 Down'!$A$88,VLOOKUP(Information!$C$11,'Rate Sheet- 2 Down'!A19:E25,3),IF(Information!$C$9='Rate Sheet- 2 Down'!$A$89,VLOOKUP(Information!$C$11,'Rate Sheet- 2 Down'!H19:L25,3),IF(Information!$C$9='Rate Sheet- 2 Down'!$A$90,VLOOKUP(Information!$C$11,'Rate Sheet- 2 Down'!N19:R25,3),IF(Information!$C$9='Rate Sheet- 2 Down'!$A$91,VLOOKUP(Information!$C$11,'Rate Sheet- 2 Down'!A28:E34,3),IF(Information!$C$9='Rate Sheet- 2 Down'!$A$92,VLOOKUP(Information!$C$11,'Rate Sheet- 2 Down'!H28:L34,3),IF(Information!$C$9='Rate Sheet- 2 Down'!$A$93,VLOOKUP(Information!$C$11,'Rate Sheet- 2 Down'!N28:R34,3),IF(Information!$C$9='Rate Sheet- 2 Down'!$A$94,VLOOKUP(Information!$C$11,'Rate Sheet- 2 Down'!A37:E43,3),IF(Information!$C$9='Rate Sheet- 2 Down'!$A$95,VLOOKUP(Information!$C$11,'Rate Sheet- 2 Down'!H37:L43,3),IF(Information!$C$9='Rate Sheet- 2 Down'!$A$96,VLOOKUP(Information!$C$11,'Rate Sheet- 2 Down'!A46:E52,3),\"error\"))))))))))))","v":3.1806029364116299E-2},{"$f":"IF(Information!$C$9='Rate Sheet- 2 Down'!$A$85,VLOOKUP(Information!$C$11,'Rate Sheet- 2 Down'!A10:E16,4),IF(Information!$C$9='Rate Sheet- 2 Down'!$A$86,VLOOKUP(Information!$C$11,'Rate Sheet- 2 Down'!H10:L16,4),IF(Information!$C$9='Rate Sheet- 2 Down'!$A$87,VLOOKUP(Information!$C$11,'Rate Sheet- 2 Down'!N10:R16,4),IF(Information!$C$9='Rate Sheet- 2 Down'!$A$88,VLOOKUP(Information!$C$11,'Rate Sheet- 2 Down'!A19:E25,4),IF(Information!$C$9='Rate Sheet- 2 Down'!$A$89,VLOOKUP(Information!$C$11,'Rate Sheet- 2 Down'!H19:L25,4),IF(Information!$C$9='Rate Sheet- 2 Down'!$A$90,VLOOKUP(Information!$C$11,'Rate Sheet- 2 Down'!N19:R25,4),IF(Information!$C$9='Rate Sheet- 2 Down'!$A$91,VLOOKUP(Information!$C$11,'Rate Sheet- 2 Down'!A28:E34,4),IF(Information!$C$9='Rate Sheet- 2 Down'!$A$92,VLOOKUP(Information!$C$11,'Rate Sheet- 2 Down'!H28:L34,4),IF(Information!$C$9='Rate Sheet- 2 Down'!$A$93,VLOOKUP(Information!$C$11,'Rate Sheet- 2 Down'!N28:R34,4),IF(Information!$C$9='Rate Sheet- 2 Down'!$A$94,VLOOKUP(Information!$C$11,'Rate Sheet- 2 Down'!A37:E43,4),IF(Information!$C$9='Rate Sheet- 2 Down'!$A$95,VLOOKUP(Information!$C$11,'Rate Sheet- 2 Down'!H37:L43,4),IF(Information!$C$9='Rate Sheet- 2 Down'!$A$96,VLOOKUP(Information!$C$11,'Rate Sheet- 2 Down'!A46:E52,4),\"error\"))))))))))))","v":2.4670436373121399E-2},{"$f":"IF(Information!$C$9='Rate Sheet- 2 Down'!$A$85,VLOOKUP(Information!$C$11,'Rate Sheet- 2 Down'!A10:E16,5),IF(Information!$C$9='Rate Sheet- 2 Down'!$A$86,VLOOKUP(Information!$C$11,'Rate Sheet- 2 Down'!H10:L16,5),IF(Information!$C$9='Rate Sheet- 2 Down'!$A$87,VLOOKUP(Information!$C$11,'Rate Sheet- 2 Down'!N10:R16,5),IF(Information!$C$9='Rate Sheet- 2 Down'!$A$88,VLOOKUP(Information!$C$11,'Rate Sheet- 2 Down'!A19:E25,5),IF(Information!$C$9='Rate Sheet- 2 Down'!$A$89,VLOOKUP(Information!$C$11,'Rate Sheet- 2 Down'!H19:L25,5),IF(Information!$C$9='Rate Sheet- 2 Down'!$A$90,VLOOKUP(Information!$C$11,'Rate Sheet- 2 Down'!N19:R25,5),IF(Information!$C$9='Rate Sheet- 2 Down'!$A$91,VLOOKUP(Information!$C$11,'Rate Sheet- 2 Down'!A28:E34,5),IF(Information!$C$9='Rate Sheet- 2 Down'!$A$92,VLOOKUP(Information!$C$11,'Rate Sheet- 2 Down'!H28:L34,5),IF(Information!$C$9='Rate Sheet- 2 Down'!$A$93,VLOOKUP(Information!$C$11,'Rate Sheet- 2 Down'!N28:R34,5),IF(Information!$C$9='Rate Sheet- 2 Down'!$A$94,VLOOKUP(Information!$C$11,'Rate Sheet- 2 Down'!A37:E43,5),IF(Information!$C$9='Rate Sheet- 2 Down'!$A$95,VLOOKUP(Information!$C$11,'Rate Sheet- 2 Down'!H37:L43,5),IF(Information!$C$9='Rate Sheet- 2 Down'!$A$96,VLOOKUP(Information!$C$11,'Rate Sheet- 2 Down'!A46:E52,5),\"error\"))))))))))))","v":1.9901657382001E-2}]
[]
[]
["A1",null,null,null,null,null,null,"A2",null,null,null,null,null,"A2"]
[null,24,36,48,60,null,null,null,24,36,48,60,null,null,24,36,48,60]
[1000,4.8014845848862897E-2,3.3577463464225799E-2,2.6554085681606599E-2,2.1520989288317301E-2,null,null,1000,4.8161983108410203E-2,3.3786655989833402E-2,2.6708165490577501E-2,2.1581527946784501E-2,null,1000,4.86908099914777E-2,3.4147187633804997E-2,2.6909696772667399E-2,2.1719001923700802E-2]
[10000,4.7756368386534499E-2,3.2411537172597801E-2,2.5326194333399801E-2,2.0226888583381598E-2,null,null,10000,4.8005759630814201E-2,3.26952689120684E-2,2.5755738501149001E-2,2.04535853287371E-2,null,10000,4.8103374215619998E-2,3.3175858231878498E-2,2.60860035353618E-2,2.0654261677577002E-2]
[30000,4.6393949877935603E-2,3.1752655293220203E-2,2.4380775605221099E-2,1.96751398905213E-2,null,null,30000,4.6645216660238499E-2,3.2040441844005597E-2,2.46902378389878E-2,1.9835974200647099E-2,null,30000,4.6802367483380299E-2,3.2156136160789703E-2,2.4971881182238E-2,2.0165567738804201E-2]
[50000,4.4681333861642102E-2,3.0827900148851499E-2,2.3883040165013601E-2,1.9207158498662599E-2,null,null,50000,4.4999767275851497E-2,3.1070979412431601E-2,2.4094512754223401E-2,1.9336343623286002E-2,null,50000,4.5117222392161198E-2,3.1294656312230502E-2,2.4306978732638599E-2,1.9531018361853801E-2]
[100000,4.4643521056610999E-2,3.0787481830418802E-2,2.3861947734624699E-2,1.9185674289607001E-2,null,null,100000,4.4946429656077501E-2,3.1050685596939999E-2,2.4052138604736199E-2,1.9314779485910202E-2,null,100000,4.50982310107607E-2,3.1288430632367997E-2,2.4285687575320899E-2,1.9509334808359299E-2]
["Over $150k","Please call","Please call","Please call","Please call",null,null,"Over $150k","Please call","Please call","Please call","Please call",null,"Over $150k","Please call","Please call","Please call","Please call"]
[]
["B1",null,null,null,null,null,null,"B2",null,null,null,null,null,"B3"]
[null,24,36,48,60,null,null,null,24,36,48,60,null,null,24,36,48,60]
[1000,4.8789005365785502E-2,3.4168451923025797E-2,2.7044466242247302E-2,2.1787907069501899E-2,null,null,1000,4.9025008931167097E-2,3.5002607709502698E-2,2.7609550601057801E-2,2.2250119972122201E-2,null,1000,4.9479458753580799E-2,3.52180022092995E-2,2.7952034978813399E-2,2.23198760224569E-2]
[10000,4.8259731371307797E-2,3.3280785154051001E-2,2.61965647871505E-2,2.0743785428052001E-2,null,null,10000,4.8690809991503999E-2,3.3934889854251103E-2,2.6820034830783299E-2,2.11265417204522E-2,null,10000,4.9011107970446499E-2,3.4426235254908698E-2,2.7244995792042599E-2,2.11944682186926E-2]
[30000,4.6821672708455497E-2,3.2176790096005797E-2,2.50583588823215E-2,2.0187645056354599E-2,null,null,30000,4.7034257750160603E-2,3.2632835962258397E-2,2.5602347029862599E-2,2.0811062766240101E-2,null,30000,4.7544090568600102E-2,3.3115064607406201E-2,2.56680289556942E-2,2.0878455193656598E-2]
[50000,4.5136217367436803E-2,3.1315030944810501E-2,2.4328279773289802E-2,1.9552715146682699E-2,null,null,50000,4.5975532967282698E-2,3.1539594389171401E-2,2.45846613022663E-2,1.9661397341338802E-2,null,50000,4.6071344103368501E-2,3.1560049406220599E-2,2.4648977903028502E-2,1.9683173332219198E-2]
[100000,4.5117222389267797E-2,3.1294656311754598E-2,2.4306978732213699E-2,1.9531018360646999E-2,null,null,100000,4.5497803179866701E-2,3.1519146064476998E-2,2.4563242055787499E-2,1.9639634465548599E-2,null,100000,4.5713345007718599E-2,3.1539594387127001E-2,2.4627529222853599E-2,1.9661397304411701E-2]
["Over $150k","Please call","Please call","Please call","Please call",null,null,"Over $150k","Please call","Please call","Please call","Please call",null,"Over $150k","Please call","Please call","Please call","Please call"]
[]
["C1",null,null,null,null,null,null,"C2",null,null,null,null,null,"C3"]
[null,24,36,48,60,null,null,null,24,36,48,60,null,null,24,36,48,60]
[1000,5.0630180841967999E-2,3.6523193689564297E-2,2.8594648086024198E-2,2.28347634244132E-2,null,null,1000,5.0929712424736102E-2,3.6962932488365199E-2,2.9058384077559601E-2,2.33078898768069E-2,null,1000,5.1667277948792299E-2,3.7529997477983697E-2,2.9299668957719901E-2,2.4413894039079901E-2]
[10000,4.90840833920968E-2,3.4787825441616099E-2,2.74960789587309E-2,2.1239815771098101E-2,null,null,10000,4.9854704122047698E-2,3.52180022232031E-2,2.7951317514355398E-2,2.1741957869986301E-2,null,10000,5.00729410862173E-2,3.5650613406845902E-2,2.8065687892508299E-2,2.2250119972125601E-2]
[30000,4.7910339199300399E-2,3.3498585890869299E-2,2.6350152516327399E-2,2.12171356670019E-2,null,null,30000,4.8592696954524103E-2,3.4040960225499801E-2,2.6796035983687599E-2,2.1696058424831199E-2,null,30000,4.8690809991910701E-2,3.4104677862689503E-2,2.7044466244908E-2,2.21572833367936E-2]
[50000,4.6301649168278697E-2,3.1806029364116299E-2,2.4670436373121399E-2,1.9901657382001E-2,null,null,50000,4.7324815917992903E-2,3.2966486492493501E-2,2.5711864661936298E-2,2.1239815771160998E-2,null,50000,4.7383019818536598E-2,3.3196830784759997E-2,2.5766817431117198E-2,2.13306623875479E-2]
[100000,4.59755329671667E-2,3.1785494419531199E-2,2.4648977897577001E-2,1.9835974199745199E-2,null,null,100000,4.60375715578695E-2,3.2179830102353299E-2,2.5169865833253799E-2,2.04980898529863E-2,null,100000,4.6224824713907299E-2,3.2259471613465797E-2,2.52752313730088E-2,2.0676623355638801E-2]
["Over $150k","Please call","Please call","Please call","Please call",null,null,"Over $150k","Please call","Please call","Please call","Please call",null,"Over $150k","Please call","Please call","Please call","Please call"]
[]
["D1",null,null,null,null,null,null,"D2"]
[null,24,36,48,60,null,null,null,24,36,48,60]
[1000,5.2175107978071303E-2,3.8072168228759001E-2,2.9651804345245999E-2,2.5025130159851399E-2,null,null,1000,5.2596920417664499E-2,3.8548653477567502E-2,3.0005852292987401E-2,2.5370464513633902E-2]
[10000,5.0570358716877303E-2,3.6085629811518798E-2,2.8525388736022599E-2,2.3094393290327898E-2,null,null,10000,5.09725945532516E-2,3.7368011047532103E-2,2.96041405830768E-2,2.37901243609232E-2]
[30000,4.8789005367767597E-2,3.4388511844929498E-2,2.73638562989083E-2,2.2858306274992201E-2,null,null,30000,4.8867620810790102E-2,3.4680664989852401E-2,2.7609550595442799E-2,2.31891620123677E-2]
[50000,4.7583294673259002E-2,3.32597869462073E-2,2.6007490706866102E-2,2.1467309960100898E-2,null,null,50000,4.7910627599302001E-2,3.3301789773630901E-2,2.6249295717625701E-2,2.18866365933367E-2]
[100000,4.64393667985325E-2,3.2583301306364602E-2,2.5550252008982199E-2,2.1136405707421799E-2,null,null,100000,4.6640837720555897E-2,3.2785964931145002E-2,2.57415430497644E-2,2.1359370382982499E-2]
["Over $150k","Please call","Please call","Please call","Please call",null,null,"Over $150k","Please call","Please call","Please call","Please call"]
[]
["E1"]
[null,24,36,48,60]
[1000,5.30641037952852E-2,3.9062310863134601E-2,3.0361789991784599E-2,2.5395213783378098E-2]
[10000,5.1298860251290698E-2,3.7881196796795698E-2,3.0049306714617401E-2,2.4162260165449201E-2]
[30000,4.9189771178719102E-2,3.4987904892585499E-2,2.8050037192522401E-2,2.3793340558247899E-2]
[50000,4.82389104019149E-2,3.3518910632972999E-2,2.6492224977153801E-2,2.21646809231218E-2]
[100000,4.6842688357887498E-2,3.29892431728874E-2,2.5933561115098799E-2,2.1583550038602101E-2]
["Over $150k","Please call","Please call","Please call","Please call"]
[]
[]
[]
[]
[]
[null,null,null,null,null,null,null,0]
[]
[]
[]
["Equipment Cost"]
["1,000 - 10,000"]
["10,001 - 30,000"]
["30,001 - 50,000"]
["50,001 - 100,000"]
["100,001 -150,000"]
["Over $150,000"]
[]
[]
["Deposit Option:"]
["1 Down"]
["2 Down"]
["$0 Down"]
["30 Days"]
["60 Days"]
["90 Days"]
[]
[]
[]
[]
[]
[]
["Rate Card:"]
["A1",null,"Points"]
["A2",null,0]
["A3",null,1]
["B1",null,2]
["B2",null,3]
["B3",null,4]
["C1",null,5]
["C2",null,6]
["C3",null,7]
["D1",null,8]
["D2",null,9]
["E1",null,10]
[null,null,11]
[null,null,12]
[null,null,13]
[null,null,14]
[null,null,15]
[]
[null,null,"Points Requested:"]
[null,null,{"$f":"('Rate Sheet- 2 Down'!$C$16/100)+1","v":{"$error":"#VALUE!"}}]
[]
[]
[]
[]
[]
[]
[]
[]
[]
[]
[]
[]
[]
[]
[]
[]
[]
[]
[]
[]
[]
[]
[]
[]
[]
[]
[]
[]
[]
[]
[]
[]
[]
[]
[]
[]
[]
[]
[]
[]
[]
[]
[]
[]
[]
[]
[]
[]
[]
[]
[]
[]
[]
[]
[]
[]
[]
[]
[]
[]
[]
[]
[]
[]
[]
[]
[]
[]
[]
[]
[]
[]
[]
[]
[]
[]
[]
[]
[]
[]
[]
[]
[]
[]
[]
[]
[]
[]
[]
[]
[]
[]
[]
[]
[]
[]
[]
[]
[]
[]
[]
[]
[]
[]
[]
[]
[]
[]
[]
[]
[]
[]
[]
[]
[]
[]
[]
[]
[]
[]
[]
[]
[]
[]
[]
[]
[]
[]
[]
[]
[]
[]
[]
[]
[]
[]
[]
[]
[]
[]
[]
[]
[]
[]
[]
[]
[]
[]
[]
[]
[]
[]
[]
[]
[]
[]
[]
[]
[]
[]
[]
[]
[]
[]
[]
[]
[]
[]
[]
[]
[]
[]
[]
[]
[]
[]
[]
[]
[]
[]
[]
[]
[]
[]
[]
[]
[]
[]
[]
[]
[]
[]
[]
[]
[]
[]
[]
[]
[]
[]
[]
[]
[]
[]
[]
[]
[]
[]
[]
[]
[]
[]
[]
[]
[]
[]
[]
[]
[]
[]
[]
[]
[]
[]
[]
[]
[]
[]
[]
[]
[]
[]
[]
[]
[]
[]
[]
[]
[]
[]
[]
[]
[]
[]
[]
[]
[]
[]
[]
[]
[]
[]
[]
[]
[]
[]
[]
[]
[]
[]
[]
[]
[]
[]
[]
[]
[]
[]
[]
[]
[]
[]
[]
[]
[]
[]
[]
[]
[]
[]
[]
[]
[]
[]
[]
[]
[]
[]
[]
[]
[]
[]
[]
[]
[]
[]
[]
[]
[]
[]
[]
[]
[]
[]
[]
[]
[]
[]
[]
[]
[]
[]
[]
[]
[]
[]
[]
[]
[]
[]
[]
[]
[]
[]
[]
[]
[]
[]
[]
[]
[]
[]
[]
[]
[]
[]
[]
[]
[]
[]
[]
[]
[]
[]
[]
[]
[]
[]
[]
[]
[]
[]
[]
[]
[]
[]
[]
[]
[]
[]
[]
[]
[]
[]
[]
[]
[]
[]
[]
[]
[]
[]
[]
[]
[]
[]
[]
[]
[]
[]
[]
[]
[]
[]
[]
[]
[]
[]
[]
[]
[]
[]
[]
[]
[]
[]
[]
[]
[]
[]
[]
[]
[]
[]
[]
[]
[]
[]
[]
[]
[]
[]
[]
[]
[]
[]
[]
[]
[]
[]
[]
[]
[]
[]
[]
[]
[]
[]
[]
[]
[]
[]
[]
[]
[]
[]
[]
[]
[]
[]
[]
[]
[]
[]
[]
[]
[]
[]
[]
[]
[]
[]
[]
[]
[]
[]
[]
[]
[]
[]
[]
[]
[]
[]
[]
[]
[]
[]
[]
[]
[]
[]
[]
[]
[]
[]
[]
[]
[]
[]
[]
[]
[]
[]
[]
[]
[]
[]
[]
[]
[]
[]
[]
[]
[]
[]
[]
[]
[]
[]
[]
[]
[]
[]
[]
[]
[]
[]
[]
[]
[]
[]
[]
[]
[]
[]
[]
[]
[]
[]
[]
[]
[]
[]
[]
[]
[]
[]
[]
[]
[]
[]
[]
[]
[]
[]
[]
[]
[]
[]
[]
[]
[]
[]
[]
[]
[]
[]
[]
[]
[]
[]
[]
[]
[]
[]
[]
[]
[]
[]
[]
[]
[]
[]
[]
[]
[]
[]
[]
[]
[]
[]
[]
[]
[]
[]
[]
[]
[]
[]
[]
[]
[]
[]
[]
[]
[]
[]
[]
[]
[]
[]
[]
[]
[]
[]
[]
[]
[]
[]
[]
[]
[]
[]
[]
[]
[]
[]
[]
[]
[]
[]
[]
[]
[]
[]
[]
[]
[]
[]
[]
[]
[]
[]
[]
[]
[]
[]
[]
[]
[]
[]
[]
[]
[]
[]
[]
[]
[]
[]
[]
[]
[]
[]
[]
[]
[]
[]
[]
[]
[]
[]
[]
[]
[]
[]
[]
[]
[]
[]
[]
[]
[]
[]
[]
[]
[]
[]
[]
[]
[]
[]
[]
[]
[]
[]
[]
[]
[]
[]
[]
[]
[]
[]
[]
[]
[]
[]
[]
[]
[]
[]
[]
[]
[]
[]
[]
[]
[]
[]
[]
[]
[]
[]
[]
[]
[]
[]
[]
[]
[]
[]
[]
[]
[]
[]
[]
[]
[]
[]
[]
[]
[]
[]
[]
[]
[]
[]
[]
[]
[]
[]
[]
[]
[]
[]
[]
[]
[]
[]
[]
[]
[]
[]
[]
[]
[]
[]
[]
[]
[]
[]
[]
[]
[]
[]
[]
[]
[]
[]
[]
[]
[]
[]
[]
[]
[]
[]
[]
[]
[]
[]
[]
[]
[]
[]
[]
[]
[]
[]
[]
[]
[]
[]
[]
[]
[]
[]
[]
[]
[]
[]
[]
[]
[]
[]
[]
[]
[]
[]
[]
[]
[]
[]
[]
[]
[]
[]
[]
[]
[]
[]
[]
[]
[]
[]
[]
[]
[]
[]
[]
[]
[]
[]
[]
[]
[]
[]
[]
[]
[]
[]
[]
[]
[]
[]
[]
[]
[]
[]
[]
[]
[]
[]
[]
[]
[]
[]
[]
[]
[]
[]
[]
[]
[]
[]
[]
[]
[]
[]
[]
[]
[]
[]
[]
[]
[]
[]
[]
[]
[]
[]
[]
[]
[]
[]
[]
[]
[]
[]
[]
[]
[]
[]
[]
[]
[]
[]
[]
[]
[]
[]
[]
[]
[]
[]
[]
[]
[]
[]
[]
[]
[]
[]
[]
[]
[]
[]
[]
[]
[]
[]
[]
[]
[]
[]
[]
[]
[]
[]
[]
[]
[]
[]
[]
[]
[]
[]
[]
[]
[]
[]
[]
[]
[]
[]
[]
[]
[]
[]
[]
[]
[]
[]
[]
[]
[]
[]
[]
[]
[]
[]
[]
[]
[]
[]
[]
[]
[]
[]
[]
[]
[]
[]
[]
[]
[]
[]
[]
[]
[]
[]
[]
[]
[]
[]
[]
[]
[]
[]
[]
[]
[]
[]
[]
[]
[]
[]
[]
[]
[]
[]
[]
[]
[]
[]
[]
[]
[]
[]
[]
[]
[]
[]
[]
[]
[]
[]
[]
[]
[]
[]
[]
[]
[]
[]
[]
[]
[]
[]
[]
[]
[]
[]
[]
[]
[]
[]
[]
[]
[]
[]
[]
[]
[]
[]
[]
[]
[]
[]
[]
[]
[]
[]
[]
[]
[]
[]
[]
[]
[]
[]
[]
[]
[]
[]
[]
[]
[]
[]
[]
[]
[]
[]
[]
[]
[]
[]
[]
[]
[]
[]
[]
[]
[]
[]
[]
[]
[]
[]
[]
[]
[]
[]
[]
[]
[]
[]
[]
[]
[]
[]
[]
[]
[]
[]
[]
[]
[]
[]
[]
[]
[]
[]
[]
[]
[]
[]
[]
[]
[]
[]
[]
[]
[]
[]
[]
[]
[]
[]
[]
[]
[]
[]
[]
[]
[]
[]
[]
[]
[]
[]
[]
[]
[]
[]
[]
[]
[]
[]
[]
[]
[]
[]
[]
[]
[]
[]
[]
[]
[]
[]
[]
[]
[]
[]
[]
[]
[]
[]
[]
[]
[]
[]
[]
[]
[]
[]
[]
[]
[]
[]
[]
[]
[]
[]
[]
[]
[]
[]
[]
[]
[]
[]
[]
[]
[]
[]
[]
[]
[]
[]
[]
[]
[]
[]
[]
[]
[]
[]
[]
[]
[]
[]
[]
[]
[]
[]
[]
[]
[]
[]
[]
[]
[]
[]
[]
[]
[]
[]
[]
[]
[]
[]
[]
[]
[]
[]
[]
[]
[]
[]
[]
[]
[]
[]
[]
[]
[]
[]
[]
[]
[]
[]
[]
[]
[]
[]
[]
[]
[]
[]
[]
[]
[]
[]
[]
[]
[]
[]
[]
[]
[]
[]
[]
[]
[]
[]
[]
[]
[]
[]
[]
[]
[]
[]
[]
[]
[]
[]
[]
[]
[]
[]
[]
[]
[]
[]
[]
[]
[]
[]
[]
[]
[]
[]
[]
[]
[]
[]
[]
[]
[]
[]
[]
[]
[]
[]
[]
[]
[]
[]
[]
[]
[]
[]
[]
[]
[]
[]
[]
[]
[]
[]
[]
[]
[]
[]
[]
[]
[]
[]
[]
[]
[]
[]
[]
[]
[]
[]
[]
[]
[]
[]
[]
[]
[]
[]
[]
[]
[]
[]
[]
[]
[]
[]
[]
[]
[]
[]
[]
[]
[]
[]
[]
[]
[]
[]
[]
[]
[]
[]
[]
[]
[]
[]
[]
[]
[]
[]
[]
[]
[]
[]
[]
[]
[]
[]
[]
[]
[]
[]
[]
[]
[]
[]
[]
[]
[]
[]
[]
[]
[]
[]
[]
[]
[]
[]
[]
[]
[]
[]
[]
[]
[]
[]
[]
[]
[]
[]
[]
[]
[]
[]
[]
[]
[]
[]
[]
[]
[]
[]
[]
[]
[]
[]
[]
[]
[]
[]
[]
[]
[]
[]
[]
[]
[]
[]
[]
[]
[]
[]
[]
[]
[]
[]
[]
[]
[]
[]
[]
[]
[]
[]
[]
[]
[]
[]
[]
[]
[]
[]
[]
[]
[]
[]
[]
[]
[]
[]
[]
[]
[]
[]
[]
[]
[]
[]
[]
[]
[]
[]
[]
[]
[]
[]
[]
[]
[]
[]
[]
[]
[]
[]
[]
[]
[]
[]
[]
[]
[]
[]
[]
[]
[]
[]
[]
[]
[]
[]
[]
[]
[]
[]
[]
[]
[]
[]
[]
[]
[]
[]
[]
[]
[]
[]
[]
[]
[]
[]
[]
[]
[]
[]
[]
[]
[]
[]
[]
[]
[]
[]
[]
[]
[]
[]
[]
[]
[]
[]
[]
[]
[]
[]
[]
[]
[]
[]
[]
[]
[]
[]
[]
[]
[]
[]
[]
[]
[]
[]
[]
[]
[]
[]
[]
[]
[]
[]
[]
[]
[]
[]
[]
[]
[]
[]
[]
[]
[]
[]
[]
[]
[]
[]
[]
[]
[]
[]
[]
[]
[]
[]
[]
[]
[]
[]
[]
[]
[]
[]
[]
[]
[]
[]
[]
[]
[]
[]
[]
[]
[]
[]
[]
[]
[]
[]
[]
[]
[]
[]
[]
[]
[]
[]
[]
[]
[]
[]
[]
[]
[]
[]
[]
[]
[]
[]
[]
[]
[]
[]
[]
[]
[]
[]
[]
[]
[]
[]
[]
[]
[]
[]
[]
[]
[]
[]
[]
[]
[]
[]
[]
[]
[]
[]
[]
[]
[]
[]
[]
[]
[]
[]
[]
[]
[]
[]
[]
[]
[]
[]
[]
[]
[]
[]
[]
[]
[]
[]
[]
[]
[]
[]
[]
[]
[]
[]
[]
[]
[]
[]
[]
[]
[]
[]
[]
[]
[]
[]
[]
[]
[]
[]
[]
[]
[]
[]
[]
[]
[]
[]
[]
[]
[]
[]
[]
[]
[]
[]
[]
[]
[]
[]
[]
[]
[]
[]
[]
[]
[]
[]
[]
[]
[]
[]
[]
[]
[]
[]
[]
[]
[]
[]
[]
[]
[]
[]
[]
[]
[]
[]
[]
[]
[]
[]
[]
[]
[]
[]
[]
[]
[]
[]
[]
[]
[]
[]
[]
[]
[]
[]
[]
[]
[]
[]
[]
[]
[]
[]
[]
[]
[]
[]
[]
[]
[]
[]
[]
[]
[]
[]
[]
[]
[]
[]
[]
[]
[]
[]
[]
[]
[]
[]
[]
[]
[]
[]
[]
[]
[]
[]
[]
[]
[]
[]
[]
[]
[]
[]
[]
[]
[]
[]
[]
[]
[]
[]
[]
[]
[]
[]
[]
[]
[]
[]
[]
[]
[]
[]
[]
[]
[]
[]
[]
[]
[]
[]
[]
[]
[]
[]
[]
[]
[]
[]
[]
[]
[]
[]
[]
[]
[]
[]
[]
[]
[]
[]
[]
[]
[]
[]
[]
[]
[]
[]
["Created, modified and customized by Tim Shane, most awesome team player at Marlin"]